{"id":1738,"date":"2026-03-18T07:47:37","date_gmt":"2026-03-18T06:47:37","guid":{"rendered":"https:\/\/olicentar.rs\/?post_type=treninzi&#038;p=1738"},"modified":"2026-03-27T06:47:05","modified_gmt":"2026-03-27T05:47:05","slug":"smernice-u-radu-sa-sucidnim-osobama","status":"publish","type":"treninzi","link":"https:\/\/olicentar.rs\/sr\/treninzi\/smernice-u-radu-sa-sucidnim-osobama\/","title":{"rendered":"Smernice u radu sa sucidnim osobama"},"content":{"rendered":"<p>Samoubistvo je tema o kojoj se retko govori , a &nbsp;ipak&nbsp;je duboko prisutno me\u0111u nama. Ovim treningom \u017eelimo da razumemo sve aspekte ove teme \u2013 od emocionalnih stanja, faktora rizika i znakova upozorenja, do na\u010dina komunikacije i pru\u017eanja podr\u0161ke. Dublje razumevanje ovih slo\u017eenih iskustava donosi nam i ve\u0107u sigurnost u radu sa osobama koje se suo\u010davaju sa suicidnim mislima.<\/p>\n\n\n\n<p>Svaki problem&nbsp;mo\u017ee postati ta\u010dka pucanja. Zato je razumevanje ovog fenomena jedna od najva\u017enijih stvari za svakoga ko \u017eeli da pomogne.<\/p>\n\n\n\n<p>Odgovori\u0107emo na pitanja:&nbsp;<\/p>\n\n\n\n<ul class=\"wp-block-list\">\n<li><em>Za\u0161to neko \u017eeli da okon\u010da svoj \u017eivot? <\/em><\/li>\n\n\n\n<li><em>Kako da prepoznamo znakove upozorenja? <\/em><\/li>\n\n\n\n<li><em>Na koji na\u010din mo\u017eemo biti podr\u0161ka osobi u krizi?<\/em><\/li>\n<\/ul>\n\n\n\n<h5 class=\"wp-block-heading\">Verujemo da razgovor mo\u017ee spasiti \u017eivot \u2013 zato je va\u017eno da nau\u010dimo kako da budemo tu, na pravi na\u010din.<\/h5>\n\n\n\n<figure class=\"wp-block-embed is-type-video is-provider-youtube wp-block-embed-youtube wp-embed-aspect-9-16 wp-has-aspect-ratio\"><div class=\"wp-block-embed__wrapper\">\n<iframe loading=\"lazy\" title=\"Trening: Smernice u radu sa suicidnim osobama\" width=\"422\" height=\"750\" src=\"https:\/\/www.youtube.com\/embed\/2sHO8FXqnO0?feature=oembed\" frameborder=\"0\" allow=\"accelerometer; autoplay; clipboard-write; encrypted-media; gyroscope; picture-in-picture; web-share\" referrerpolicy=\"strict-origin-when-cross-origin\" allowfullscreen><\/iframe>\n<\/div><\/figure>\n\n\n\n<h2 class=\"wp-block-heading\">Ciljevi treninga<\/h2>\n\n\n\n<p><strong>Ovaj trening ima dva klju\u010dna cilja:<\/strong><\/p>\n\n\n\n<ul class=\"wp-block-list\">\n<li><strong>Iskustveni<\/strong>&nbsp;\u2013 da osna\u017ei u\u010desnike da prepoznaju i razumeju signale suicidnog rizika kod drugih, ali i unutar sebe;<\/li>\n<\/ul>\n\n\n\n<ul class=\"wp-block-list\">\n<li><strong>Edukativni<\/strong>&nbsp;\u2013 da pru\u017ei konkretna znanja i alate kako pristupiti osobi u krizi i kako biti podr\u0161ka kada je najte\u017ee.<\/li>\n<\/ul>\n\n\n\n<p>Kroz teoriju, diskusiju i prakti\u010dne ve\u017ebe, u\u010dimo kako da razgovaramo o ovoj temi bez straha.<\/p>\n\n\n\n<h2 class=\"wp-block-heading\">Kome je trening namenjen?<\/h2>\n\n\n\n<ul class=\"wp-block-list\">\n<li>Svima koji \u017eele da prodube svoje znanje o suicidu i mentalnom zdravlju <\/li>\n\n\n\n<li>Volonterima, pomaga\u010dima, edukatorima, psiholozima, psihoterapeutima u edukaciji, <\/li>\n\n\n\n<li>Onima koji \u017eele da nau\u010de kako da prepoznaju rizi\u010dna pona\u0161anja i pru\u017ee adekvatnu podr\u0161ku.<\/li>\n<\/ul>\n\n\n\n<p><strong>Zajedno ru\u0161imo stigmu, rasvetljavamo ono o \u010demu se \u0107utalo i gradimo siguran prostor u kojem su sve misli i emocije dobrodo\u0161le.<\/strong><\/p>\n\n\n\n<p><\/p>\n\n\n\n<h2 class=\"wp-block-heading\">Realizatorka programa<\/h2>\n\n\n\n<p>Ema Hasanovi\u0107, diplomirana&nbsp;psiholo\u0161kinja, psihoterapeutkinja u edukaciji OLI integrativnog psihodinamskog metoda. Vi\u0161egodi\u0161nja volonterka&nbsp; i direktorka <a href=\"https:\/\/www.centarsrce.org\/\">Centra Srce<\/a> - centar za prevenciju suicida i pru\u017eanje emotivne&nbsp;podr\u0161ke osobama&nbsp;u krizi.<\/p>\n\n\n\n<p>Kreira i vodi razne radionice na temu prevencije suicida, sagorevanja na poslu, pru\u017eanja online podr\u0161ke, rezilijentnosti.<\/p>\n\n\n\n<p>U\u010destvovala je u mnogim projektima kojima je u fokusu mentalno zdravlje, prevencija samoubistva, podr\u0161ka i edukacija mladih osoba.<\/p>\n\n\n\n<h2 class=\"wp-block-heading\">Informacije o treningu<\/h2>\n\n\n\n<p>Edukacija traje 9 sati, a realizuje se kroz 2 susreta po 4,5 sati (subota i nedelja).<\/p>\n\n\n\n<p><strong>Datum<\/strong>: 6. i 7. jun 2026.<\/p>\n\n\n\n<p><strong>Vreme<\/strong>: 10:00-14:30<\/p>\n\n\n\n<ul class=\"wp-block-list\">\n<li>Edukacija se realizuje online, putem Zoom platforme.<\/li>\n<\/ul>\n\n\n\n<ul class=\"wp-block-list\">\n<li><strong>Trening \u0107e biti sniman, a snimak \u0107e biti dostupan svim polaznicima narednih 30 dana.<\/strong> Tokom li\u010dnih izlaganja u\u010desnika seminara i odre\u0111enih ve\u017ebi snimanje \u0107e biti uga\u0161eno.<\/li>\n<\/ul>\n\n\n\n<h3 class=\"wp-block-heading\">Cena i na\u010din pla\u0107anja<\/h3>\n\n\n\n<p>Cena treninga je 9.400 RSD, odnosno 85\u20ac ( ura\u010dunati tro\u0161kovi PayPal provizije) za uplate iz inostranstva.<\/p>\n\n\n\n<ul class=\"wp-block-list\">\n<li>Svoje mesto rezervi\u0161ete uplatom avansa od&nbsp;<strong>3.000 RSD<\/strong>&nbsp;prilikom prijave.<\/li>\n\n\n\n<li>Preostali iznos od 6400 RSD pla\u0107a se do&nbsp;<strong>27.5.2026.<\/strong>&nbsp;kako bi se uplate rasknji\u017eile do po\u010detka treninga.<\/li>\n<\/ul>\n\n\n\n<h2 class=\"wp-block-heading\">Prijava na trening<\/h2>\n\n\n\n<p>Ukoliko \u017eelite da nam se pridru\u017eite na ovom programu, svoju prijavu mo\u017eete popuniti klikom na dugme:<\/p>\n\n\n\n<div class=\"wp-block-buttons is-layout-flex wp-block-buttons-is-layout-flex\">\n<div class=\"wp-block-button coka-button\"><a class=\"wp-block-button__link wp-element-button\" href=\"https:\/\/forms.gle\/rb5oiF1vZ6AAGXjE8\" target=\"_blank\" rel=\"noreferrer noopener\">PRIJAVI SE<\/a><\/div>\n<\/div>\n\n\n\n<p>Nakon prijave, dalja uputstva i instrukcije za pla\u0107anje dobi\u0107ete putem mejla.<\/p>\n\n\n\n<h4 class=\"wp-block-heading\">Dobro do\u0161li!<\/h4>\n\n\n\n<p><\/p>","protected":false},"featured_media":1739,"template":"","categories":[22],"class_list":["post-1738","treninzi","type-treninzi","status-publish","has-post-thumbnail","hentry","category-aktuelno"],"acf":[],"_links":{"self":[{"href":"https:\/\/olicentar.rs\/sr\/wp-json\/wp\/v2\/treninzi\/1738","targetHints":{"allow":["GET"]}}],"collection":[{"href":"https:\/\/olicentar.rs\/sr\/wp-json\/wp\/v2\/treninzi"}],"about":[{"href":"https:\/\/olicentar.rs\/sr\/wp-json\/wp\/v2\/types\/treninzi"}],"wp:featuredmedia":[{"embeddable":true,"href":"https:\/\/olicentar.rs\/sr\/wp-json\/wp\/v2\/media\/1739"}],"wp:attachment":[{"href":"https:\/\/olicentar.rs\/sr\/wp-json\/wp\/v2\/media?parent=1738"}],"wp:term":[{"taxonomy":"category","embeddable":true,"href":"https:\/\/olicentar.rs\/sr\/wp-json\/wp\/v2\/categories?post=1738"}],"curies":[{"name":"wp","href":"https:\/\/api.w.org\/{rel}","templated":true}]}}

<p>Samoubistvo je tema o kojoj se retko govori , a &nbsp;ipak&nbsp;je duboko prisutno među nama. Ovim treningom želimo da razumemo sve aspekte ove teme – od emocionalnih stanja, faktora rizika i znakova upozorenja, do načina komunikacije i pružanja podrške. Dublje razumevanje ovih složenih iskustava donosi nam i veću sigurnost u radu sa osobama koje se suočavaju sa suicidnim mislima.</p>



<p>Svaki problem&nbsp;može postati tačka pucanja. Zato je razumevanje ovog fenomena jedna od najvažnijih stvari za svakoga ko želi da pomogne.</p>



<p>Odgovorićemo na pitanja:&nbsp;</p>



<ul class="wp-block-list">
<li><em>Zašto neko želi da okonča svoj život? </em></li>



<li><em>Kako da prepoznamo znakove upozorenja? </em></li>



<li><em>Na koji način možemo biti podrška osobi u krizi?</em></li>
</ul>



<h5 class="wp-block-heading">Verujemo da razgovor može spasiti život – zato je važno da naučimo kako da budemo tu, na pravi način.</h5>



<figure class="wp-block-embed is-type-video is-provider-youtube wp-block-embed-youtube wp-embed-aspect-9-16 wp-has-aspect-ratio"><div class="wp-block-embed__wrapper">
<iframe loading="lazy" title="Trening: Smernice u radu sa suicidnim osobama" width="422" height="750" src="https://www.youtube.com/embed/2sHO8FXqnO0?feature=oembed" frameborder="0" allow="accelerometer; autoplay; clipboard-write; encrypted-media; gyroscope; picture-in-picture; web-share" referrerpolicy="strict-origin-when-cross-origin" allowfullscreen></iframe>
</div></figure>



<h2 class="wp-block-heading">Ciljevi treninga</h2>



<p><strong>Ovaj trening ima dva ključna cilja:</strong></p>



<ul class="wp-block-list">
<li><strong>Iskustveni</strong>&nbsp;– da osnaži učesnike da prepoznaju i razumeju signale suicidnog rizika kod drugih, ali i unutar sebe;</li>
</ul>



<ul class="wp-block-list">
<li><strong>Edukativni</strong>&nbsp;– da pruži konkretna znanja i alate kako pristupiti osobi u krizi i kako biti podrška kada je najteže.</li>
</ul>



<p>Kroz teoriju, diskusiju i praktične vežbe, učimo kako da razgovaramo o ovoj temi bez straha.</p>



<h2 class="wp-block-heading">Kome je trening namenjen?</h2>



<ul class="wp-block-list">
<li>Svima koji žele da prodube svoje znanje o suicidu i mentalnom zdravlju </li>



<li>Volonterima, pomagačima, edukatorima, psiholozima, psihoterapeutima u edukaciji, </li>



<li>Onima koji žele da nauče kako da prepoznaju rizična ponašanja i pruže adekvatnu podršku.</li>
</ul>



<p><strong>Zajedno rušimo stigmu, rasvetljavamo ono o čemu se ćutalo i gradimo siguran prostor u kojem su sve misli i emocije dobrodošle.</strong></p>



<p></p>



<h2 class="wp-block-heading">Realizatorka programa</h2>



<p>Ema Hasanović, diplomirana&nbsp;psihološkinja, psihoterapeutkinja u edukaciji OLI integrativnog psihodinamskog metoda. Višegodišnja volonterka&nbsp; i direktorka <a href="https://www.centarsrce.org/">Centra Srce</a> - centar za prevenciju suicida i pružanje emotivne&nbsp;podrške osobama&nbsp;u krizi.</p>



<p>Kreira i vodi razne radionice na temu prevencije suicida, sagorevanja na poslu, pružanja online podrške, rezilijentnosti.</p>



<p>Učestvovala je u mnogim projektima kojima je u fokusu mentalno zdravlje, prevencija samoubistva, podrška i edukacija mladih osoba.</p>



<h2 class="wp-block-heading">Informacije o treningu</h2>



<p>Edukacija traje 9 sati, a realizuje se kroz 2 susreta po 4,5 sati (subota i nedelja).</p>



<p><strong>Datum</strong>: 6. i 7. jun 2026.</p>



<p><strong>Vreme</strong>: 10:00-14:30</p>



<ul class="wp-block-list">
<li>Edukacija se realizuje online, putem Zoom platforme.</li>
</ul>



<ul class="wp-block-list">
<li><strong>Trening će biti sniman, a snimak će biti dostupan svim polaznicima narednih 30 dana.</strong> Tokom ličnih izlaganja učesnika seminara i određenih vežbi snimanje će biti ugašeno.</li>
</ul>



<h3 class="wp-block-heading">Cena i način plaćanja</h3>



<p>Cena treninga je 9.400 RSD, odnosno 85€ ( uračunati troškovi PayPal provizije) za uplate iz inostranstva.</p>



<ul class="wp-block-list">
<li>Svoje mesto rezervišete uplatom avansa od&nbsp;<strong>3.000 RSD</strong>&nbsp;prilikom prijave.</li>



<li>Preostali iznos od 6400 RSD plaća se do&nbsp;<strong>27.5.2026.</strong>&nbsp;kako bi se uplate rasknjižile do početka treninga.</li>
</ul>



<h2 class="wp-block-heading">Prijava na trening</h2>



<p>Ukoliko želite da nam se pridružite na ovom programu, svoju prijavu možete popuniti klikom na dugme:</p>



<div class="wp-block-buttons is-layout-flex wp-block-buttons-is-layout-flex">
<div class="wp-block-button coka-button"><a class="wp-block-button__link wp-element-button" href="https://forms.gle/rb5oiF1vZ6AAGXjE8" target="_blank" rel="noreferrer noopener">PRIJAVI SE</a></div>
</div>



<p>Nakon prijave, dalja uputstva i instrukcije za plaćanje dobićete putem mejla.</p>



<h4 class="wp-block-heading">Dobro došli!</h4>



<p></p>
