{"id":1517,"date":"2024-07-11T11:45:49","date_gmt":"2024-07-11T09:45:49","guid":{"rendered":"https:\/\/olicentar.rs\/?post_type=oli_tim&#038;p=1517"},"modified":"2025-04-05T12:18:19","modified_gmt":"2025-04-05T10:18:19","slug":"nenad-miskovic","status":"publish","type":"oli_tim","link":"https:\/\/olicentar.rs\/sr\/oli_tim\/nenad-miskovic\/","title":{"rendered":"Nenad Mi\u0161kovi\u0107"},"content":{"rendered":"<p>Diplomirani pedagog, master menad\u017eer u obrazovanju, psihoterapeut i kou\u010d OLI integrativnog psihodinamskog pravca.<\/p>\n\n\n\n<p>Potpredsednik Evropskog saveta za kou\u010ding i mentorstvo Srbije (EMCC Srbije), \u010dlan Upravnog odbora Evropskog saveta za kou\u010ding i mentorstvo (EMCC Global), \u010dlan Udru\u017eenja za psihoterapiju, savetovanje i kou\u010ding (UPSKS).<\/p>\n\n\n\n<p>Izvr\u0161ni dikrektor Instituta za u\u010denje i razvoj.<\/p>\n\n\n\n<p>Autor i realizator vi\u0161e edukativnih programa akreditovanih od strane Udru\u017eenja za psihoterapiju, savetovanje i kou\u010ding (UPSKS): Trening za trenere, Leadership program, Strate\u0161ko upravljanje karijerom, HR MasterClass\u2026<\/p>\n\n\n\n<p>Sertifikovani trener i predava\u010d me\u0111unarodnih tela sa vi\u0161egodi\u0161njim iskustvom u dizajniranju, planiranju i realizaciji treninga programa, namenjenih prevashodno ekspertima, menad\u017eerima i donosiocima odluka.<\/p>\n\n\n\n<p>Ve\u0107inu svog radnog iskustva proveo na HR menad\u017eerskim pozicijama u razli\u010ditim industrijama i organizacionim strukturama. Imao klju\u010dnu ulogu u razvoju kompanija defini\u0161u\u0107i nove, unapre\u0111uju\u0107i postoje\u0107e HR procese i uspostavljaju\u0107i kou\u010ding kulturu, kulturu inovacija i razvoja ljudi. Usko specijalizovan u oblasti razvoja organizacija kroz razvoj pojedinaca i timova.<\/p>\n\n\n\n<p>Psihoterapijski, kou\u010ding i savetodavni rad sprovodi sa odraslima, parovima, decom i grupama.<\/p>\n\n\n\n<p><em>Kontakt:<\/em><\/p>\n\n\n\n<p><em>tel: <\/em>+381 63 539 402<\/p>\n\n\n\n<p><em>e-mail:<\/em> <a href=\"mailto:nenad.miskovic@personaldevelopment.rs\">nenad.miskovic@personaldevelopment.rs<\/a>&nbsp;&nbsp;&nbsp;&nbsp;&nbsp;&nbsp;&nbsp;<\/p>\n\n\n\n<p><em>web:<\/em> <a href=\"https:\/\/personaldevelopment.rs\">https:\/\/personaldevelopment.rs<\/a>&nbsp;<\/p>\n\n\n\n<p><em>Ln: <\/em><a href=\"https:\/\/www.linkedin.com\/in\/nenad-mi%C5%A1kovi%C4%87-a28560b6\/\">https:\/\/www.linkedin.com\/in\/nenad-mi%C5%A1kovi%C4%87-a28560b6\/<\/a>&nbsp;<\/p>\n\n\n\n<p><em>FB<\/em>: <a href=\"https:\/\/www.facebook.com\/psihoterapeutnenadmiskovic\/\">https:\/\/www.facebook.com\/psihoterapeutnenadmiskovic\/<\/a>&nbsp;<\/p>\n\n\n\n<p><em>Instagram: <\/em><a href=\"https:\/\/www.instagram.com\/psihoterapeut_miskovic\/\">https:\/\/www.instagram.com\/psihoterapeut_miskovic\/<\/a>&nbsp;<\/p>","protected":false},"featured_media":1518,"template":"","categories":[68,64,66,65],"tags":[],"class_list":["post-1517","oli_tim","type-oli_tim","status-publish","has-post-thumbnail","hentry","category-prikaz","category-psihodinam-edukatori","category-psihodinam-koucevi","category-psihodinam-supervizori"],"acf":[],"_links":{"self":[{"href":"https:\/\/olicentar.rs\/sr\/wp-json\/wp\/v2\/oli_tim\/1517","targetHints":{"allow":["GET"]}}],"collection":[{"href":"https:\/\/olicentar.rs\/sr\/wp-json\/wp\/v2\/oli_tim"}],"about":[{"href":"https:\/\/olicentar.rs\/sr\/wp-json\/wp\/v2\/types\/oli_tim"}],"wp:featuredmedia":[{"embeddable":true,"href":"https:\/\/olicentar.rs\/sr\/wp-json\/wp\/v2\/media\/1518"}],"wp:attachment":[{"href":"https:\/\/olicentar.rs\/sr\/wp-json\/wp\/v2\/media?parent=1517"}],"wp:term":[{"taxonomy":"category","embeddable":true,"href":"https:\/\/olicentar.rs\/sr\/wp-json\/wp\/v2\/categories?post=1517"},{"taxonomy":"post_tag","embeddable":true,"href":"https:\/\/olicentar.rs\/sr\/wp-json\/wp\/v2\/tags?post=1517"}],"curies":[{"name":"wp","href":"https:\/\/api.w.org\/{rel}","templated":true}]}}

Nenad Mišković

<p>Diplomirani pedagog, master menadžer u obrazovanju, psihoterapeut i kouč OLI integrativnog psihodinamskog pravca.</p>



<p>Potpredsednik Evropskog saveta za koučing i mentorstvo Srbije (EMCC Srbije), član Upravnog odbora Evropskog saveta za koučing i mentorstvo (EMCC Global), član Udruženja za psihoterapiju, savetovanje i koučing (UPSKS).</p>



<p>Izvršni dikrektor Instituta za učenje i razvoj.</p>



<p>Autor i realizator više edukativnih programa akreditovanih od strane Udruženja za psihoterapiju, savetovanje i koučing (UPSKS): Trening za trenere, Leadership program, Strateško upravljanje karijerom, HR MasterClass…</p>



<p>Sertifikovani trener i predavač međunarodnih tela sa višegodišnjim iskustvom u dizajniranju, planiranju i realizaciji treninga programa, namenjenih prevashodno ekspertima, menadžerima i donosiocima odluka.</p>



<p>Većinu svog radnog iskustva proveo na HR menadžerskim pozicijama u različitim industrijama i organizacionim strukturama. Imao ključnu ulogu u razvoju kompanija definišući nove, unapređujući postojeće HR procese i uspostavljajući koučing kulturu, kulturu inovacija i razvoja ljudi. Usko specijalizovan u oblasti razvoja organizacija kroz razvoj pojedinaca i timova.</p>



<p>Psihoterapijski, koučing i savetodavni rad sprovodi sa odraslima, parovima, decom i grupama.</p>



<p><em>Kontakt:</em></p>



<p><em>tel: </em>+381 63 539 402</p>



<p><em>e-mail:</em> <a href="mailto:nenad.miskovic@personaldevelopment.rs">nenad.miskovic@personaldevelopment.rs</a>&nbsp;&nbsp;&nbsp;&nbsp;&nbsp;&nbsp;&nbsp;</p>



<p><em>web:</em> <a href="https://personaldevelopment.rs">https://personaldevelopment.rs</a>&nbsp;</p>



<p><em>Ln: </em><a href="https://www.linkedin.com/in/nenad-mi%C5%A1kovi%C4%87-a28560b6/">https://www.linkedin.com/in/nenad-mi%C5%A1kovi%C4%87-a28560b6/</a>&nbsp;</p>



<p><em>FB</em>: <a href="https://www.facebook.com/psihoterapeutnenadmiskovic/">https://www.facebook.com/psihoterapeutnenadmiskovic/</a>&nbsp;</p>



<p><em>Instagram: </em><a href="https://www.instagram.com/psihoterapeut_miskovic/">https://www.instagram.com/psihoterapeut_miskovic/</a>&nbsp;</p>
