{"id":1506,"date":"2024-06-27T09:19:30","date_gmt":"2024-06-27T07:19:30","guid":{"rendered":"https:\/\/olicentar.rs\/?post_type=oli_tim&#038;p=1506"},"modified":"2025-04-05T12:20:06","modified_gmt":"2025-04-05T10:20:06","slug":"mirjana-kokeric","status":"publish","type":"oli_tim","link":"https:\/\/olicentar.rs\/sr\/oli_tim\/mirjana-kokeric\/","title":{"rendered":"Mirjana Kokeri\u0107"},"content":{"rendered":"<p>Diplomirani matemati\u010dar za ra\u010dunarstvo i informatiku, sertifikovani kou\u010d O.L.I. psihodinamskog integrativnog metoda, kou\u010ding edukator i supervizor.<\/p>\n\n\n\n<p>\u010clan je Upravnog odbora EMCC Srbija za odnose sa javno\u0161\u0107u, akreditovani kou\u010d i mentor kod EMCC Global na practition nivou i licencirani \u010dlan UPSKS-a. Aktivna je u radnoj grupi UPSKS-a za promociju nacionalnog udru\u017eenja.<\/p>\n\n\n\n<p>Autor je kra\u0107ih programa edukacija akreditovanih kod Udru\u017eenja za psihoterapiju, savetovanje i kou\u010ding Srbije: \u201eTrening razvoja ve\u0161tina za prevenciju i re\u0161avanje konfliktnih situacija\u201c, \u201eTrening psihologije uspeha \u2013 iskustveni kurs\u201c i \u201eTrening psihologije uspeha \u2013 instruktorski kurs\u201c.<\/p>\n\n\n\n<p>Autor je slede\u0107ih online priru\u010dnika: \u201eRazvojna radionica \u2013 Razvojna u\u010dionica\u201c za rad sa u\u010denicima, \u201e1000 pitanja za \u017eivot\u201c, \u201eEmocionalno napredovanje \u2013 mo\u017ee\u0161 i ti\u201c, kao i slede\u0107ih onlajn seminara: \u201eEmocionalno napredovanje\u201c, \u201ePrevencija konfliktnih situacija\u201c i \u201eRazvoj samopo\u0161tovanja\u201c. Tako\u0111e je realizator brojnih radionica i obuka za razvoj mekih ve\u0161tina i razvoj bazi\u010dnih sposobnosti za obradu emocija.<\/p>\n\n\n\n<p>Autor je i seminara stru\u010dnog usavr\u0161avanja za zaposlene u prosveti koji su bazirani na primeni kou\u010dinga O.L.I. metoda. Kreator je kra\u0107e obuke za kou\u010deve po\u010detnike: \u201eKako po\u010deti rad sa klijentima\u201d.<\/p>\n\n\n\n<p>Pored nastavni\u010dkog posla koji obavlja, od 2014. godine aktivna je u kou\u010ding pozivu i to prete\u017eno u online kou\u010dingu.<\/p>\n\n\n\n<p><em>Kontakt:<\/em><\/p>\n\n\n\n<p><em>e-mail:<\/em> <a href=\"mailto:mirjana.kokeric@gmail.com\">mirjana.kokeric@gmail.com<\/a>&nbsp;&nbsp;&nbsp;&nbsp;&nbsp;<\/p>\n\n\n\n<p><em>web:<\/em> <a href=\"https:\/\/mirjanakokeric.wordpress.com\/\">https:\/\/mirjanakokeric.wordpress.com\/<\/a>&nbsp;<\/p>\n\n\n\n<p><em>Ln: <\/em><a href=\"https:\/\/www.linkedin.com\/in\/mirjanakokeric\/\">https:\/\/www.linkedin.com\/in\/mirjanakokeric\/<\/a>&nbsp;<\/p>\n\n\n\n<p><em>FB<\/em>: <a href=\"https:\/\/www.facebook.com\/razvojnaradionica\/\">https:\/\/www.facebook.com\/razvojnaradionica\/<\/a>&nbsp;<\/p>\n\n\n\n<p><em>Instagram: <\/em><a href=\"https:\/\/www.instagram.com\/mirjanakokeric\/\">https:\/\/www.instagram.com\/mirjanakokeric\/<\/a>&nbsp;<\/p>\n\n\n\n<p><em>X<\/em>: <a href=\"https:\/\/twitter.com\/MirjanaKokeric\">https:\/\/twitter.com\/MirjanaKokeric<\/a>&nbsp;<\/p>","protected":false},"featured_media":1492,"template":"","categories":[68,64,66,65],"tags":[],"class_list":["post-1506","oli_tim","type-oli_tim","status-publish","has-post-thumbnail","hentry","category-prikaz","category-psihodinam-edukatori","category-psihodinam-koucevi","category-psihodinam-supervizori"],"acf":[],"_links":{"self":[{"href":"https:\/\/olicentar.rs\/sr\/wp-json\/wp\/v2\/oli_tim\/1506","targetHints":{"allow":["GET"]}}],"collection":[{"href":"https:\/\/olicentar.rs\/sr\/wp-json\/wp\/v2\/oli_tim"}],"about":[{"href":"https:\/\/olicentar.rs\/sr\/wp-json\/wp\/v2\/types\/oli_tim"}],"wp:featuredmedia":[{"embeddable":true,"href":"https:\/\/olicentar.rs\/sr\/wp-json\/wp\/v2\/media\/1492"}],"wp:attachment":[{"href":"https:\/\/olicentar.rs\/sr\/wp-json\/wp\/v2\/media?parent=1506"}],"wp:term":[{"taxonomy":"category","embeddable":true,"href":"https:\/\/olicentar.rs\/sr\/wp-json\/wp\/v2\/categories?post=1506"},{"taxonomy":"post_tag","embeddable":true,"href":"https:\/\/olicentar.rs\/sr\/wp-json\/wp\/v2\/tags?post=1506"}],"curies":[{"name":"wp","href":"https:\/\/api.w.org\/{rel}","templated":true}]}}

Mirjana Kokerić

<p>Diplomirani matematičar za računarstvo i informatiku, sertifikovani kouč O.L.I. psihodinamskog integrativnog metoda, koučing edukator i supervizor.</p>



<p>Član je Upravnog odbora EMCC Srbija za odnose sa javnošću, akreditovani kouč i mentor kod EMCC Global na practition nivou i licencirani član UPSKS-a. Aktivna je u radnoj grupi UPSKS-a za promociju nacionalnog udruženja.</p>



<p>Autor je kraćih programa edukacija akreditovanih kod Udruženja za psihoterapiju, savetovanje i koučing Srbije: „Trening razvoja veština za prevenciju i rešavanje konfliktnih situacija“, „Trening psihologije uspeha – iskustveni kurs“ i „Trening psihologije uspeha – instruktorski kurs“.</p>



<p>Autor je sledećih online priručnika: „Razvojna radionica – Razvojna učionica“ za rad sa učenicima, „1000 pitanja za život“, „Emocionalno napredovanje – možeš i ti“, kao i sledećih onlajn seminara: „Emocionalno napredovanje“, „Prevencija konfliktnih situacija“ i „Razvoj samopoštovanja“. Takođe je realizator brojnih radionica i obuka za razvoj mekih veština i razvoj bazičnih sposobnosti za obradu emocija.</p>



<p>Autor je i seminara stručnog usavršavanja za zaposlene u prosveti koji su bazirani na primeni koučinga O.L.I. metoda. Kreator je kraće obuke za koučeve početnike: „Kako početi rad sa klijentima”.</p>



<p>Pored nastavničkog posla koji obavlja, od 2014. godine aktivna je u koučing pozivu i to pretežno u online koučingu.</p>



<p><em>Kontakt:</em></p>



<p><em>e-mail:</em> <a href="mailto:mirjana.kokeric@gmail.com">mirjana.kokeric@gmail.com</a>&nbsp;&nbsp;&nbsp;&nbsp;&nbsp;</p>



<p><em>web:</em> <a href="https://mirjanakokeric.wordpress.com/">https://mirjanakokeric.wordpress.com/</a>&nbsp;</p>



<p><em>Ln: </em><a href="https://www.linkedin.com/in/mirjanakokeric/">https://www.linkedin.com/in/mirjanakokeric/</a>&nbsp;</p>



<p><em>FB</em>: <a href="https://www.facebook.com/razvojnaradionica/">https://www.facebook.com/razvojnaradionica/</a>&nbsp;</p>



<p><em>Instagram: </em><a href="https://www.instagram.com/mirjanakokeric/">https://www.instagram.com/mirjanakokeric/</a>&nbsp;</p>



<p><em>X</em>: <a href="https://twitter.com/MirjanaKokeric">https://twitter.com/MirjanaKokeric</a>&nbsp;</p>
