{"id":1306,"date":"2023-06-14T08:13:51","date_gmt":"2023-06-14T06:13:51","guid":{"rendered":"https:\/\/olicentar.rs\/?post_type=oli_tim&#038;p=1306"},"modified":"2023-06-14T08:13:52","modified_gmt":"2023-06-14T06:13:52","slug":"dunja-simic","status":"publish","type":"oli_tim","link":"https:\/\/olicentar.rs\/sr\/oli_tim\/dunja-simic\/","title":{"rendered":"Dunja Simi\u0107"},"content":{"rendered":"<p><br>Master klini\u010dke psihologije i psihoterapeut i savetnik OLI integrativnog psihodinamskog pravca.<\/p>\n\n\n\n<p><br>Osnovne i master studije zavr\u0161ila na Filozofskom fakultetu Univerziteta u Beogradu, na smeru klini\u010dka psihologija.<br>Dosada\u0161nje radno iskustvo stekla je u radu sa decom, adolescentima i odraslima, kroz karijerni put po\u010dev od Prihvatili\u0161ta za urgentnu za\u0161titu zlostavljane i zanemarivane dece, preko anga\u017emana \u0161kolskog psihologa u nekoliko beogradskih gimnazija, do psihologa u dva ministarstva gde se na strate\u0161kom nivou bavila primarnom prevencijom i edukacijom. Radno iskustvo ima i u oblasti selekcije i regrutacije u domenu ljudskih resursa.<\/p>\n\n\n\n<p><br>Poseduje veliko iskustvo rada sa mladima. Bila je osniva\u010d i koordinator nacionalnog programa \u201eOsnovi bezbednosti dece\u201d i \u201eOsnove sistema odbrane Republike Srbije\u201d u svim osnovnim i srednjim \u0161kolama u Srbiji. Jedna je od osniva\u010dica \u201eMre\u017ee \u017eena u policiji\u201d, edukator programa \u201ePodr\u0161ka kolege\u201d i autor brojnih radionica namenjenih zaposlenima unutar sistema odbrane, bila je aktivna i kao \u010dlanica nekoliko radnih grupa za spre\u010davanje nasilja kao predstavnica MUP-a.<br>Bavi se individualnom i partnerskom psihoterapijom, kao i radom sa adolescentima. \u017divi i radi u Beogradu.<\/p>\n\n\n\n<p><br>Kontakt:<br>tel. +381 63 80 466 21<br>e-mail: dunjasimicsimic@gmail.com<br>instagram: https:\/\/instagram.com\/psiholog_zemun<\/p>","protected":false},"featured_media":1307,"template":"","categories":[7],"tags":[33],"class_list":["post-1306","oli_tim","type-oli_tim","status-publish","has-post-thumbnail","hentry","category-psihoterapeuti-za-didakticku-psihoterapiju","tag-psihoterapeut"],"acf":[],"_links":{"self":[{"href":"https:\/\/olicentar.rs\/sr\/wp-json\/wp\/v2\/oli_tim\/1306","targetHints":{"allow":["GET"]}}],"collection":[{"href":"https:\/\/olicentar.rs\/sr\/wp-json\/wp\/v2\/oli_tim"}],"about":[{"href":"https:\/\/olicentar.rs\/sr\/wp-json\/wp\/v2\/types\/oli_tim"}],"wp:featuredmedia":[{"embeddable":true,"href":"https:\/\/olicentar.rs\/sr\/wp-json\/wp\/v2\/media\/1307"}],"wp:attachment":[{"href":"https:\/\/olicentar.rs\/sr\/wp-json\/wp\/v2\/media?parent=1306"}],"wp:term":[{"taxonomy":"category","embeddable":true,"href":"https:\/\/olicentar.rs\/sr\/wp-json\/wp\/v2\/categories?post=1306"},{"taxonomy":"post_tag","embeddable":true,"href":"https:\/\/olicentar.rs\/sr\/wp-json\/wp\/v2\/tags?post=1306"}],"curies":[{"name":"wp","href":"https:\/\/api.w.org\/{rel}","templated":true}]}}

Dunja Simić

<p><br>Master kliničke psihologije i psihoterapeut i savetnik OLI integrativnog psihodinamskog pravca.</p>



<p><br>Osnovne i master studije završila na Filozofskom fakultetu Univerziteta u Beogradu, na smeru klinička psihologija.<br>Dosadašnje radno iskustvo stekla je u radu sa decom, adolescentima i odraslima, kroz karijerni put počev od Prihvatilišta za urgentnu zaštitu zlostavljane i zanemarivane dece, preko angažmana školskog psihologa u nekoliko beogradskih gimnazija, do psihologa u dva ministarstva gde se na strateškom nivou bavila primarnom prevencijom i edukacijom. Radno iskustvo ima i u oblasti selekcije i regrutacije u domenu ljudskih resursa.</p>



<p><br>Poseduje veliko iskustvo rada sa mladima. Bila je osnivač i koordinator nacionalnog programa „Osnovi bezbednosti dece” i „Osnove sistema odbrane Republike Srbije” u svim osnovnim i srednjim školama u Srbiji. Jedna je od osnivačica „Mreže žena u policiji”, edukator programa „Podrška kolege” i autor brojnih radionica namenjenih zaposlenima unutar sistema odbrane, bila je aktivna i kao članica nekoliko radnih grupa za sprečavanje nasilja kao predstavnica MUP-a.<br>Bavi se individualnom i partnerskom psihoterapijom, kao i radom sa adolescentima. Živi i radi u Beogradu.</p>



<p><br>Kontakt:<br>tel. +381 63 80 466 21<br>e-mail: dunjasimicsimic@gmail.com<br>instagram: https://instagram.com/psiholog_zemun</p>
