{"id":847,"date":"2022-10-30T13:13:06","date_gmt":"2022-10-30T13:13:06","guid":{"rendered":"https:\/\/olicentar.rs\/?post_type=oli_tim-edukator&#038;p=847"},"modified":"2025-04-05T12:01:53","modified_gmt":"2025-04-05T10:01:53","slug":"olivera-grcic","status":"publish","type":"oli_tim-edukator","link":"https:\/\/olicentar.rs\/sr\/oli_tim-edukator\/olivera-grcic\/","title":{"rendered":"Olivera Gr\u010di\u0107"},"content":{"rendered":"<p>Master psiholog, psihoterapeut O.L.I. integrativnog psihodinamskog pravca i EMDR terapeut za rad sa traumama.<\/p>\n\n\n\n<p>Osnovne i master studije psihologije zavr\u0161ila je na Filozofskom fakultetu Univerziteta u Beogradu, smer psihologija rada. Edukovala se u psihoterapijskim modalitetima \u2013 O.L.I. integrativna psihodinamska psihoterapija i EMDR.<\/p>\n\n\n\n<p>Poseduje vi\u0161egodi\u0161nje radno iskustvo u oblasti ljudskih resursa \u2013 u procesima selekcije i regrutacije kandidata, organizovanja i sporovo\u0111enja treninga i obuka zaposlenih, psiholo\u0161kog savetovanja i kou\u010dinga zaposlenih i sli\u010dnim poslovima kao psiholog u kompanijama.<\/p>\n\n\n\n<p>U svojoj psihoterapijskoj praksi radi sa odraslima i adolescentima kroz individualnu, grupnu i partnersku psihoterapiju.<\/p>\n\n\n\n<p>U\u017eiva u otkrivanju \u017eivota sa ljudima i veruje da ne postoji va\u017eniji zadatak u \u017eivotu nego otkriti li\u010dnu istinu i pustiti sebe da damo doprinos svetu.<\/p>\n\n\n\n<p>\u017divi i radi u Beogradu.<\/p>\n\n\n\n<p><em>Kontakt:<\/em><\/p>\n\n\n\n<p><em>tel. <\/em>+381 64 86 57 152<\/p>\n\n\n\n<p><em>e-mail:<\/em> <a href=\"mailto:oliveragrcic@gmail.com\">oliveragrcic@gmail.com<\/a>&nbsp;<\/p>\n\n\n\n<p><em>Instagram: <\/em><a href=\"https:\/\/www.instagram.com\/psiholog.u.beogradu\/\">https:\/\/www.instagram.com\/psiholog.u.beogradu\/<\/a><\/p>","protected":false},"featured_media":848,"template":"","categories":[21,10],"tags":[31,33,32],"class_list":["post-847","oli_tim-edukator","type-oli_tim-edukator","status-publish","has-post-thumbnail","hentry","category-druga-grupa-5-ljudi-homepage","category-savetnici","tag-edukator","tag-psihoterapeut","tag-supervizor"],"acf":[],"_links":{"self":[{"href":"https:\/\/olicentar.rs\/sr\/wp-json\/wp\/v2\/oli_tim-edukator\/847","targetHints":{"allow":["GET"]}}],"collection":[{"href":"https:\/\/olicentar.rs\/sr\/wp-json\/wp\/v2\/oli_tim-edukator"}],"about":[{"href":"https:\/\/olicentar.rs\/sr\/wp-json\/wp\/v2\/types\/oli_tim-edukator"}],"wp:featuredmedia":[{"embeddable":true,"href":"https:\/\/olicentar.rs\/sr\/wp-json\/wp\/v2\/media\/848"}],"wp:attachment":[{"href":"https:\/\/olicentar.rs\/sr\/wp-json\/wp\/v2\/media?parent=847"}],"wp:term":[{"taxonomy":"category","embeddable":true,"href":"https:\/\/olicentar.rs\/sr\/wp-json\/wp\/v2\/categories?post=847"},{"taxonomy":"post_tag","embeddable":true,"href":"https:\/\/olicentar.rs\/sr\/wp-json\/wp\/v2\/tags?post=847"}],"curies":[{"name":"wp","href":"https:\/\/api.w.org\/{rel}","templated":true}]}}

Olivera Grčić

<p>Master psiholog, psihoterapeut O.L.I. integrativnog psihodinamskog pravca i EMDR terapeut za rad sa traumama.</p>



<p>Osnovne i master studije psihologije završila je na Filozofskom fakultetu Univerziteta u Beogradu, smer psihologija rada. Edukovala se u psihoterapijskim modalitetima – O.L.I. integrativna psihodinamska psihoterapija i EMDR.</p>



<p>Poseduje višegodišnje radno iskustvo u oblasti ljudskih resursa – u procesima selekcije i regrutacije kandidata, organizovanja i sporovođenja treninga i obuka zaposlenih, psihološkog savetovanja i koučinga zaposlenih i sličnim poslovima kao psiholog u kompanijama.</p>



<p>U svojoj psihoterapijskoj praksi radi sa odraslima i adolescentima kroz individualnu, grupnu i partnersku psihoterapiju.</p>



<p>Uživa u otkrivanju života sa ljudima i veruje da ne postoji važniji zadatak u životu nego otkriti ličnu istinu i pustiti sebe da damo doprinos svetu.</p>



<p>Živi i radi u Beogradu.</p>



<p><em>Kontakt:</em></p>



<p><em>tel. </em>+381 64 86 57 152</p>



<p><em>e-mail:</em> <a href="mailto:oliveragrcic@gmail.com">oliveragrcic@gmail.com</a>&nbsp;</p>



<p><em>Instagram: </em><a href="https://www.instagram.com/psiholog.u.beogradu/">https://www.instagram.com/psiholog.u.beogradu/</a></p>
