{"id":920,"date":"2022-11-02T10:57:42","date_gmt":"2022-11-02T10:57:42","guid":{"rendered":"https:\/\/olicentar.rs\/?post_type=oli-tim_psiho&#038;p=920"},"modified":"2022-12-02T12:41:31","modified_gmt":"2022-12-02T12:41:31","slug":"bojana-miletic","status":"publish","type":"oli-tim_psiho","link":"https:\/\/olicentar.rs\/sr\/oli-tim_psiho\/bojana-miletic\/","title":{"rendered":"Bojana Mileti\u0107"},"content":{"rendered":"<p>Doktor psiholo\u0161kih nauka i psihoterapeut u superviziji O.L.I. integrativnog&nbsp; psihodinamskog pravca, psihoterapeut sistemske porodi\u010dne terapije i EMDR prakti\u010dar.&nbsp;<\/p>\n\n\n\n<p>Zavr\u0161ila edukaciju iz oblasti supervizije po programu Poslijediplomskih specijalisti\u010dkih studija supervizije u psihosocijalnom radu u Zagrebu, koja je priznata od strane Asocijacije nacionalnih organizacija za superviziju i kou\u010ding u Evropi (ANSE) i polaznik je napredne obuke za primjenu neurosekvencijalnog modela terapije djece sa iskustvom traume.<\/p>\n\n\n\n<p>Poseduje vi\u0161egodi\u0161nje iskustvo u oblasti socijalne za\u0161tite gde je obavljala stru\u010dne i specijalizovane stru\u010dne poslove, kao i poslove supervizije.&nbsp;<\/p>\n\n\n\n<p>Autorka je knjige \u201eLi\u010dnost rukovodilaca i motivacija zaposlenih\u201c, a njene profesionalne aktivnosti ogledaju se i kroz izradu i u\u010de\u0161\u0107e na velikom broju projekata, studija, analiza i obuka. Autorka je i koautorka ve\u0107eg broja programa obuke namenjenih stru\u010dnjacima iz oblasti socijalne za\u0161tite koji su akreditovani od strane Zavoda za socijalnu i dje\u010dju za\u0161titu: \u201eVje\u0161tine komunikacije\u201c, \u201eStandardni porodi\u010dni smje\u0161taj za odrasla i stara lica\u201c, \u201eOsnove psiholo\u0161kog savjetovanja\u201c, \u201elntervencije u krizi\u201c, \u201eSistemski pristup u razumijevanju i radu sa porodicama u postupcima razvoda\u201c, \u201eProcjena roditeljskih kapaciteta za potrebe postupka povjeravanja djece\u201c.<\/p>\n\n\n\n<p>Zaposlena na Studijskom programu za psihologiju Filozofskog fakulteta u Nik\u0161i\u0107u kao saradnik u nastavi i rukovodilac Studijskog programa. Pored toga, bavi se pru\u017eanjem konsultantskih usluga iz oblasti za\u0161tite mentalnog zdravlja, socijalne i dje\u010dje za\u0161tite, te u\u010destvuje u brojnim me\u0111unarodnim projektima iz istih oblasti. Kao jedan od osniva\u010da organizacije \u201ePsiho-Vodi\u010d\u201c, koja predstavlja spoj prirode i psihologije, bavi se organizacijom \u0161eta\u010dkih i lak\u0161ih planinarskih tura, uz iskustvene psiholo\u0161ke radionice koje se tako\u0111e odvijaju u prirodi. Predsednica je organizacije \u201eO.L.I. Crna Gora\u201c u okviru koje se realizuju edukacije, ali i razli\u010diti projekti koji uklju\u010duju savetodavni i psihoterapijski rad.&nbsp;<\/p>\n\n\n\n<p>\u017divi i radi u Podgorici.<\/p>\n\n\n\n<p>Kontakt:<\/p>\n\n\n\n<p><em>tel.<\/em> +382 67 380 612&nbsp;&nbsp;&nbsp;&nbsp;&nbsp;<\/p>\n\n\n\n<p><em>e-mail:<\/em> <a href=\"mailto:bojanam28@gmail.com\">bojanam28@gmail.com<\/a><\/p>","protected":false},"featured_media":449,"template":"","categories":[],"tags":[31,33],"class_list":["post-920","oli-tim_psiho","type-oli-tim_psiho","status-publish","has-post-thumbnail","hentry","tag-edukator","tag-psihoterapeut"],"acf":[],"_links":{"self":[{"href":"https:\/\/olicentar.rs\/sr\/wp-json\/wp\/v2\/oli-tim_psiho\/920","targetHints":{"allow":["GET"]}}],"collection":[{"href":"https:\/\/olicentar.rs\/sr\/wp-json\/wp\/v2\/oli-tim_psiho"}],"about":[{"href":"https:\/\/olicentar.rs\/sr\/wp-json\/wp\/v2\/types\/oli-tim_psiho"}],"wp:featuredmedia":[{"embeddable":true,"href":"https:\/\/olicentar.rs\/sr\/wp-json\/wp\/v2\/media\/449"}],"wp:attachment":[{"href":"https:\/\/olicentar.rs\/sr\/wp-json\/wp\/v2\/media?parent=920"}],"wp:term":[{"taxonomy":"category","embeddable":true,"href":"https:\/\/olicentar.rs\/sr\/wp-json\/wp\/v2\/categories?post=920"},{"taxonomy":"post_tag","embeddable":true,"href":"https:\/\/olicentar.rs\/sr\/wp-json\/wp\/v2\/tags?post=920"}],"curies":[{"name":"wp","href":"https:\/\/api.w.org\/{rel}","templated":true}]}}

Bojana Miletić

<p>Doktor psiholoških nauka i psihoterapeut u superviziji O.L.I. integrativnog&nbsp; psihodinamskog pravca, psihoterapeut sistemske porodične terapije i EMDR praktičar.&nbsp;</p>



<p>Završila edukaciju iz oblasti supervizije po programu Poslijediplomskih specijalističkih studija supervizije u psihosocijalnom radu u Zagrebu, koja je priznata od strane Asocijacije nacionalnih organizacija za superviziju i koučing u Evropi (ANSE) i polaznik je napredne obuke za primjenu neurosekvencijalnog modela terapije djece sa iskustvom traume.</p>



<p>Poseduje višegodišnje iskustvo u oblasti socijalne zaštite gde je obavljala stručne i specijalizovane stručne poslove, kao i poslove supervizije.&nbsp;</p>



<p>Autorka je knjige „Ličnost rukovodilaca i motivacija zaposlenih“, a njene profesionalne aktivnosti ogledaju se i kroz izradu i učešće na velikom broju projekata, studija, analiza i obuka. Autorka je i koautorka većeg broja programa obuke namenjenih stručnjacima iz oblasti socijalne zaštite koji su akreditovani od strane Zavoda za socijalnu i dječju zaštitu: „Vještine komunikacije“, „Standardni porodični smještaj za odrasla i stara lica“, „Osnove psihološkog savjetovanja“, „lntervencije u krizi“, „Sistemski pristup u razumijevanju i radu sa porodicama u postupcima razvoda“, „Procjena roditeljskih kapaciteta za potrebe postupka povjeravanja djece“.</p>



<p>Zaposlena na Studijskom programu za psihologiju Filozofskog fakulteta u Nikšiću kao saradnik u nastavi i rukovodilac Studijskog programa. Pored toga, bavi se pružanjem konsultantskih usluga iz oblasti zaštite mentalnog zdravlja, socijalne i dječje zaštite, te učestvuje u brojnim međunarodnim projektima iz istih oblasti. Kao jedan od osnivača organizacije „Psiho-Vodič“, koja predstavlja spoj prirode i psihologije, bavi se organizacijom šetačkih i lakših planinarskih tura, uz iskustvene psihološke radionice koje se takođe odvijaju u prirodi. Predsednica je organizacije „O.L.I. Crna Gora“ u okviru koje se realizuju edukacije, ali i različiti projekti koji uključuju savetodavni i psihoterapijski rad.&nbsp;</p>



<p>Živi i radi u Podgorici.</p>



<p>Kontakt:</p>



<p><em>tel.</em> +382 67 380 612&nbsp;&nbsp;&nbsp;&nbsp;&nbsp;</p>



<p><em>e-mail:</em> <a href="mailto:bojanam28@gmail.com">bojanam28@gmail.com</a></p>
