{"id":472,"date":"2022-10-16T16:50:07","date_gmt":"2022-10-16T16:50:07","guid":{"rendered":"https:\/\/olicentar.rs\/?post_type=koristan_sadr_aj&#038;p=472"},"modified":"2022-10-17T07:37:13","modified_gmt":"2022-10-17T07:37:13","slug":"emocionalne-sposobnosti-dece-deo-1","status":"publish","type":"koristan_sadr_aj","link":"https:\/\/olicentar.rs\/sr\/koristan_sadr_aj\/emocionalne-sposobnosti-dece-deo-1\/","title":{"rendered":"Emocionalne sposobnosti dece - deo 1"},"content":{"rendered":"<p>Polu\u010dasovni edukativni film o razvoju emocionalnih kompetencija dece pred\u0161kolskog uzrasta namenjen roditeljima, vaspita\u010dima u pred\u0161kolskim ustanovama, svima koji \u017eele da nau\u010de ne\u0161to o na\u010dinima na koje se mo\u017ee podsta\u0107i razvoj emocionalnih kompetencija dece. Ovaj film je deo projekta OLI Centra, serijala o razvoju emocionalnih kompetencija koji je realizovan uz pomo\u0107 Ministarstva prosvete, nauke i tehnolo\u0161kog razvoja republike Srbije.<\/p>","protected":false},"featured_media":0,"template":"","categories":[16],"class_list":["post-472","koristan_sadr_aj","type-koristan_sadr_aj","status-publish","hentry","category-video-sadrzaj"],"acf":[],"_links":{"self":[{"href":"https:\/\/olicentar.rs\/sr\/wp-json\/wp\/v2\/koristan_sadr_aj\/472","targetHints":{"allow":["GET"]}}],"collection":[{"href":"https:\/\/olicentar.rs\/sr\/wp-json\/wp\/v2\/koristan_sadr_aj"}],"about":[{"href":"https:\/\/olicentar.rs\/sr\/wp-json\/wp\/v2\/types\/koristan_sadr_aj"}],"wp:attachment":[{"href":"https:\/\/olicentar.rs\/sr\/wp-json\/wp\/v2\/media?parent=472"}],"wp:term":[{"taxonomy":"category","embeddable":true,"href":"https:\/\/olicentar.rs\/sr\/wp-json\/wp\/v2\/categories?post=472"}],"curies":[{"name":"wp","href":"https:\/\/api.w.org\/{rel}","templated":true}]}}

<p>Polučasovni edukativni film o razvoju emocionalnih kompetencija dece predškolskog uzrasta namenjen roditeljima, vaspitačima u predškolskim ustanovama, svima koji žele da nauče nešto o načinima na koje se može podstaći razvoj emocionalnih kompetencija dece. Ovaj film je deo projekta OLI Centra, serijala o razvoju emocionalnih kompetencija koji je realizovan uz pomoć Ministarstva prosvete, nauke i tehnološkog razvoja republike Srbije.</p>
