{"id":453,"date":"2022-10-16T16:26:42","date_gmt":"2022-10-16T16:26:42","guid":{"rendered":"https:\/\/olicentar.rs\/?post_type=koristan_sadr_aj&#038;p=453"},"modified":"2022-10-16T16:28:26","modified_gmt":"2022-10-16T16:28:26","slug":"uspeh-u-srbiji-sam-protiv-svih-nebojsa-jovanovic","status":"publish","type":"koristan_sadr_aj","link":"https:\/\/olicentar.rs\/sr\/koristan_sadr_aj\/uspeh-u-srbiji-sam-protiv-svih-nebojsa-jovanovic\/","title":{"rendered":"\"Uspeh u Srbiji - sam protiv svih\" - Neboj\u0161a Jovanovi\u0107"},"content":{"rendered":"<p>Emisija: \"Klju\u010d\" Tema: Uspeh u Srbiji Gosti: Neboj\u0161a Jovanovi\u0107, Mi\u0161a Luki\u0107, Marko Bumba\u0161irevi\u0107, Ivan Kova\u010devi\u0107<\/p>","protected":false},"featured_media":0,"template":"","categories":[16],"class_list":["post-453","koristan_sadr_aj","type-koristan_sadr_aj","status-publish","hentry","category-video-sadrzaj"],"acf":[],"_links":{"self":[{"href":"https:\/\/olicentar.rs\/sr\/wp-json\/wp\/v2\/koristan_sadr_aj\/453","targetHints":{"allow":["GET"]}}],"collection":[{"href":"https:\/\/olicentar.rs\/sr\/wp-json\/wp\/v2\/koristan_sadr_aj"}],"about":[{"href":"https:\/\/olicentar.rs\/sr\/wp-json\/wp\/v2\/types\/koristan_sadr_aj"}],"wp:attachment":[{"href":"https:\/\/olicentar.rs\/sr\/wp-json\/wp\/v2\/media?parent=453"}],"wp:term":[{"taxonomy":"category","embeddable":true,"href":"https:\/\/olicentar.rs\/sr\/wp-json\/wp\/v2\/categories?post=453"}],"curies":[{"name":"wp","href":"https:\/\/api.w.org\/{rel}","templated":true}]}}

"Uspeh u Srbiji - sam protiv svih" - Nebojša Jovanović

<p>Emisija: "Ključ" Tema: Uspeh u Srbiji Gosti: Nebojša Jovanović, Miša Lukić, Marko Bumbaširević, Ivan Kovačević</p>
