{"id":975,"date":"2022-11-15T17:47:48","date_gmt":"2022-11-15T17:47:48","guid":{"rendered":"https:\/\/olicentar.rs\/?post_type=aktuelni_dogadjaji&#038;p=975"},"modified":"2023-02-15T12:45:50","modified_gmt":"2023-02-15T11:45:50","slug":"besplatno-online-predavanje-bazicne-sposobnosti-za-obradu-emocija","status":"publish","type":"aktuelni_dogadjaji","link":"https:\/\/olicentar.rs\/sr\/aktuelni_dogadjaji\/besplatno-online-predavanje-bazicne-sposobnosti-za-obradu-emocija\/","title":{"rendered":"Besplatno online predavanje: Bazi\u010dne sposobnosti za obradu emocija"},"content":{"rendered":"<p><strong>Predava\u010d: Emilija Stamenkovi\u0107, doktor medicine, OLI psihoterapeut i edukator<\/strong><\/p>\n\n\n\n<p>Bazi\u010dne sposobnosti za obradu emocija su kao unutra\u0161nji softveri kojima na\u0161a psiha obra\u0111uje emotivne informacije.<br>&nbsp;U OLI metodu ih posmatramo kao osnovne alatke za \u017eivot i zovemo ih sposobnosti jer se na njima mo\u017ee raditi, mogu se razvijati i unapre\u0111ivati. Ako neka od ovih sposobnosti nije dovoljno razvijena, to je kao da postoji \u201evirus\u201c u ra\u010dunaru, u na\u0161em unutra\u0161njem softveru i to dovodi do disfunkcionalnih emocija, pogre\u0161nog opa\u017eanja i tuma\u010denja odnosa sa sobom, drugima i svetom.<\/p>\n\n\n\n<p>Pozivamo vas na besplatno predavanje u kome \u0107ete imati priliku da vi\u0161e saznate o bazi\u010dnim emocionalnim sposobnostima ili kompetencijama i njihovoj va\u017enosti da zrelo volimo i radimo.<\/p>\n\n\n\n<p>Pri\u010da\u0107emo o osam bazi\u010dnih sposobnosti za obradu emocija:<\/p>\n\n\n\n<ul class=\"wp-block-list\">\n<li>celovitost i konstantnost objekta,<\/li>\n\n\n\n<li>neutralizacija i mentalizacija,<\/li>\n\n\n\n<li>tolerancija na frustraciju,<\/li>\n\n\n\n<li>tolerancija na ambivalenciju,<\/li>\n\n\n\n<li>volja<\/li>\n\n\n\n<li>inicijativa.<\/li>\n<\/ul>\n\n\n\n<p>Nedostatak nekih od ovih kompetencija \u010desto ume da se prelije na kvalitet na\u0161eg \u017eivota, na ose\u0107aj zaglavljenosti u nekom trenutku, na pogre\u0161ne poslovne ili partnerske izbore\u2026<\/p>\n\n\n\n<p>Predavanje \u0107e biti prilika da zajedno sastavimo slagalicu od ovih osam sposobnosti, da za svaku uvidimo \u0161ta nam donosi, ali \u0161ta i odnosi u slu\u010daju da je nemamo potpuno izgra\u0111enu.<\/p>\n\n\n\n<p>Pored teorijskog dela, o\u010dekuje vas i jedna ve\u017eba, koja \u0107e poslu\u017eiti da otkrijemo koliko ste zaista celoviti i kako sagledavate sebe.<\/p>\n\n\n\n<h2 class=\"wp-block-heading\">Informacije o besplatnom predavanju<\/h2>\n\n\n\n<p><strong>Datum:<\/strong>\u00a09. novembar 2022. (sreda)<br><strong>Vreme:<\/strong>\u00a019:00-20:30h<\/p>\n\n\n\n<div class=\"wp-block-buttons is-layout-flex wp-block-buttons-is-layout-flex\">\n<div class=\"wp-block-button coka-button\"><a class=\"wp-block-button__link wp-element-button\" href=\"https:\/\/www.youtube.com\/watch?v=3XuV4pQ8Qns\" target=\"_blank\" rel=\"noreferrer noopener\">Snimak predavanja<\/a><\/div>\n<\/div>\n\n\n\n<p>Na samom kraju predavanja bi\u0107e predstavljen i iskustveno-edukativni program o bazi\u010dnim sposobnostima za obradu emocija koji se realizuje od novembra do februrara, \u010diji je autor i realizator Emilija Stamenkovi\u0107.<\/p>\n\n\n\n<p>Cilj ovog programa je da bolje upoznate sebe i svoje slabosti i snage uz podr\u0161ku mentora, ali i grupe. I ujedno, na\u0111ete svoje kordinate za dalji proces li\u010dnog rasta i razvoja. Vi\u0161e o programu mo\u017eete saznati&nbsp;<strong><a href=\"https:\/\/olicentar.rs\/sr\/aktuelni_dogadjaji\/iskustveno-edukativna-grupa-bazicne-sposobnosti-za-obradu-emocija\/\" target=\"_blank\" rel=\"noreferrer noopener\">OVDE<\/a><\/strong>.<\/p>\n\n\n\n<h2 class=\"wp-block-heading\">Vi\u0161e o predava\u010du<\/h2>\n\n\n\n<p><\/p>\n\n\n\n<div class=\"wp-block-media-text is-stacked-on-mobile is-vertically-aligned-center\" style=\"grid-template-columns:25% auto\"><figure class=\"wp-block-media-text__media\"><img loading=\"lazy\" decoding=\"async\" width=\"1024\" height=\"1024\" src=\"https:\/\/olicentar.rs\/wp-content\/uploads\/2022\/10\/fotka-predavaca-1024x1024-2-1024x1024.png\" alt=\"\" class=\"wp-image-423 size-full\" srcset=\"https:\/\/olicentar.rs\/wp-content\/uploads\/2022\/10\/fotka-predavaca-1024x1024-2.png 1024w, https:\/\/olicentar.rs\/wp-content\/uploads\/2022\/10\/fotka-predavaca-1024x1024-2-300x300.png 300w, https:\/\/olicentar.rs\/wp-content\/uploads\/2022\/10\/fotka-predavaca-1024x1024-2-100x100.png 100w, https:\/\/olicentar.rs\/wp-content\/uploads\/2022\/10\/fotka-predavaca-1024x1024-2-600x600.png 600w, https:\/\/olicentar.rs\/wp-content\/uploads\/2022\/10\/fotka-predavaca-1024x1024-2-150x150.png 150w, https:\/\/olicentar.rs\/wp-content\/uploads\/2022\/10\/fotka-predavaca-1024x1024-2-768x768.png 768w\" sizes=\"auto, (max-width: 1024px) 100vw, 1024px\" \/><\/figure><div class=\"wp-block-media-text__content\">\n<p>Moje ime je Emilija Stamenkovi\u0107, po struci sam lekar i psihodinamski psihoterapeut u superviziji. Interesovanje za unutra\u0161nje procese i razumevanje razli\u010ditih obrazaca pona\u0161anja, poveli su me na put edukacije za integrativnog psihodinamskog psihoterapeuta u OLI centru. Kako i sama dolazim iz pomaga\u010dke profesije, zavr\u0161etkom studija medicine, nastavila sam dalje usavr\u0161avanje i u psihoterapiji.<br><\/p>\n\n\n\n<p>Obrazovanje i li\u010dno usavr\u0161avanje, predstavljaju va\u017ean aspekt mog \u017eivota. Tako sam nastavila svoj put usavr\u0161avanja kroz edukaciju za EMDR terapeuta (Eye Movement Desensitization and Reprocesing therapy). Kroz svoju privatnu praksu, stekla sam bogato iskustvo u radu sa klijentima, dok sam u proteklih par godina realizovala brojne radionice i treninge iz razli\u010ditih psihoterapijskih tema.<\/p>\n<\/div><\/div>","protected":false},"featured_media":978,"template":"","categories":[23],"class_list":["post-975","aktuelni_dogadjaji","type-aktuelni_dogadjaji","status-publish","has-post-thumbnail","hentry","category-arhiva"],"acf":[],"_links":{"self":[{"href":"https:\/\/olicentar.rs\/sr\/wp-json\/wp\/v2\/aktuelni_dogadjaji\/975","targetHints":{"allow":["GET"]}}],"collection":[{"href":"https:\/\/olicentar.rs\/sr\/wp-json\/wp\/v2\/aktuelni_dogadjaji"}],"about":[{"href":"https:\/\/olicentar.rs\/sr\/wp-json\/wp\/v2\/types\/aktuelni_dogadjaji"}],"wp:featuredmedia":[{"embeddable":true,"href":"https:\/\/olicentar.rs\/sr\/wp-json\/wp\/v2\/media\/978"}],"wp:attachment":[{"href":"https:\/\/olicentar.rs\/sr\/wp-json\/wp\/v2\/media?parent=975"}],"wp:term":[{"taxonomy":"category","embeddable":true,"href":"https:\/\/olicentar.rs\/sr\/wp-json\/wp\/v2\/categories?post=975"}],"curies":[{"name":"wp","href":"https:\/\/api.w.org\/{rel}","templated":true}]}}

Besplatno online predavanje: Bazične sposobnosti za obradu emocija

<p><strong>Predavač: Emilija Stamenković, doktor medicine, OLI psihoterapeut i edukator</strong></p>



<p>Bazične sposobnosti za obradu emocija su kao unutrašnji softveri kojima naša psiha obrađuje emotivne informacije.<br>&nbsp;U OLI metodu ih posmatramo kao osnovne alatke za život i zovemo ih sposobnosti jer se na njima može raditi, mogu se razvijati i unapređivati. Ako neka od ovih sposobnosti nije dovoljno razvijena, to je kao da postoji „virus“ u računaru, u našem unutrašnjem softveru i to dovodi do disfunkcionalnih emocija, pogrešnog opažanja i tumačenja odnosa sa sobom, drugima i svetom.</p>



<p>Pozivamo vas na besplatno predavanje u kome ćete imati priliku da više saznate o bazičnim emocionalnim sposobnostima ili kompetencijama i njihovoj važnosti da zrelo volimo i radimo.</p>



<p>Pričaćemo o osam bazičnih sposobnosti za obradu emocija:</p>



<ul class="wp-block-list">
<li>celovitost i konstantnost objekta,</li>



<li>neutralizacija i mentalizacija,</li>



<li>tolerancija na frustraciju,</li>



<li>tolerancija na ambivalenciju,</li>



<li>volja</li>



<li>inicijativa.</li>
</ul>



<p>Nedostatak nekih od ovih kompetencija često ume da se prelije na kvalitet našeg života, na osećaj zaglavljenosti u nekom trenutku, na pogrešne poslovne ili partnerske izbore…</p>



<p>Predavanje će biti prilika da zajedno sastavimo slagalicu od ovih osam sposobnosti, da za svaku uvidimo šta nam donosi, ali šta i odnosi u slučaju da je nemamo potpuno izgrađenu.</p>



<p>Pored teorijskog dela, očekuje vas i jedna vežba, koja će poslužiti da otkrijemo koliko ste zaista celoviti i kako sagledavate sebe.</p>



<h2 class="wp-block-heading">Informacije o besplatnom predavanju</h2>



<p><strong>Datum:</strong> 9. novembar 2022. (sreda)<br><strong>Vreme:</strong> 19:00-20:30h</p>



<div class="wp-block-buttons is-layout-flex wp-block-buttons-is-layout-flex">
<div class="wp-block-button coka-button"><a class="wp-block-button__link wp-element-button" href="https://www.youtube.com/watch?v=3XuV4pQ8Qns" target="_blank" rel="noreferrer noopener">Snimak predavanja</a></div>
</div>



<p>Na samom kraju predavanja biće predstavljen i iskustveno-edukativni program o bazičnim sposobnostima za obradu emocija koji se realizuje od novembra do februrara, čiji je autor i realizator Emilija Stamenković.</p>



<p>Cilj ovog programa je da bolje upoznate sebe i svoje slabosti i snage uz podršku mentora, ali i grupe. I ujedno, nađete svoje kordinate za dalji proces ličnog rasta i razvoja. Više o programu možete saznati&nbsp;<strong><a href="https://olicentar.rs/sr/aktuelni_dogadjaji/iskustveno-edukativna-grupa-bazicne-sposobnosti-za-obradu-emocija/" target="_blank" rel="noreferrer noopener">OVDE</a></strong>.</p>



<h2 class="wp-block-heading">Više o predavaču</h2>



<p></p>



<div class="wp-block-media-text is-stacked-on-mobile is-vertically-aligned-center" style="grid-template-columns:25% auto"><figure class="wp-block-media-text__media"><img loading="lazy" decoding="async" width="1024" height="1024" src="https://olicentar.rs/wp-content/uploads/2022/10/fotka-predavaca-1024x1024-2-1024x1024.png" alt="" class="wp-image-423 size-full" srcset="https://olicentar.rs/wp-content/uploads/2022/10/fotka-predavaca-1024x1024-2.png 1024w, https://olicentar.rs/wp-content/uploads/2022/10/fotka-predavaca-1024x1024-2-300x300.png 300w, https://olicentar.rs/wp-content/uploads/2022/10/fotka-predavaca-1024x1024-2-100x100.png 100w, https://olicentar.rs/wp-content/uploads/2022/10/fotka-predavaca-1024x1024-2-600x600.png 600w, https://olicentar.rs/wp-content/uploads/2022/10/fotka-predavaca-1024x1024-2-150x150.png 150w, https://olicentar.rs/wp-content/uploads/2022/10/fotka-predavaca-1024x1024-2-768x768.png 768w" sizes="auto, (max-width: 1024px) 100vw, 1024px" /></figure><div class="wp-block-media-text__content">
<p>Moje ime je Emilija Stamenković, po struci sam lekar i psihodinamski psihoterapeut u superviziji. Interesovanje za unutrašnje procese i razumevanje različitih obrazaca ponašanja, poveli su me na put edukacije za integrativnog psihodinamskog psihoterapeuta u OLI centru. Kako i sama dolazim iz pomagačke profesije, završetkom studija medicine, nastavila sam dalje usavršavanje i u psihoterapiji.<br></p>



<p>Obrazovanje i lično usavršavanje, predstavljaju važan aspekt mog života. Tako sam nastavila svoj put usavršavanja kroz edukaciju za EMDR terapeuta (Eye Movement Desensitization and Reprocesing therapy). Kroz svoju privatnu praksu, stekla sam bogato iskustvo u radu sa klijentima, dok sam u proteklih par godina realizovala brojne radionice i treninge iz različitih psihoterapijskih tema.</p>
</div></div>
