{"id":688,"date":"2022-01-23T15:44:03","date_gmt":"2022-01-23T15:44:03","guid":{"rendered":"https:\/\/olicentar.rs\/?post_type=aktuelni_dogadjaji&#038;p=688"},"modified":"2022-10-26T18:43:13","modified_gmt":"2022-10-26T18:43:13","slug":"webinar-od-nezdravog-do-zdravog-narcizma-kroz-psihoterapiju","status":"publish","type":"aktuelni_dogadjaji","link":"https:\/\/olicentar.rs\/sr\/aktuelni_dogadjaji\/webinar-od-nezdravog-do-zdravog-narcizma-kroz-psihoterapiju\/","title":{"rendered":"Webinar: Od nezdravog do zdravog narcizma kroz psihoterapiju"},"content":{"rendered":"<p>\u2013 Put ka realisti\u010dnom samopo\u0161tovanju i vrednostima<\/p>\n\n\n\n<p>Autor i predava\u010d: Neboj\u0161a Jovanovi\u0107, psihoterapeut, osniva\u010d OLI centar i OLI metoda<\/p>\n\n\n\n<hr class=\"wp-block-separator has-alpha-channel-opacity\"\/>\n\n\n\n<p>Narcizam nije ru\u017ena re\u010d. Svako od nas ima \u201enarcisti\u010dki sektor li\u010dnosti\u201c koji je \u201ezadu\u017een\u201c za odr\u017eavanje stabilne slike o sebi,&nbsp;samopo\u0161tovanje i realisti\u010dne vrednosti na kojima se ono zasniva.<\/p>\n\n\n\n<p>Kada taj na\u0161 narcisti\u010dki sektor nije razvijen kako treba, kada ne mo\u017ee da odr\u017ei sliku \u201evrednog sebe\u201c, on pose\u017ee za mehanizmima odbrane, iskrivljuje stvarnost i stvara la\u017eni \u201eimid\u017e\u201c, kako bi sakrio ose\u0107aj bezvrednosti.<\/p>\n\n\n\n<p>Osoba postaje ovisnik od potrebe za divljenjem i odr\u017eavanjem te la\u017ene slike. To zovemo patolo\u0161kim narcizmom.<\/p>\n\n\n\n<p>Na ovom webinaru govori\u0107emo o strukturi tog narcisti\u010dkog sektora li\u010dnosti, \u201egrandioznom selfu\u201c i \u201eidealizovanoj roditeljskoj slici\u201c, okolnostima koje dovode do nezdravog i zdravog razvoja narcizma\u2026<\/p>\n\n\n\n<p>Naglasak \u0107e biti na mogu\u0107nostima promene nezdravog u zdravi narcizam kroz psihoterapijski proces.<\/p>\n\n\n\n<p>Kakvi se problemi i izazovi pojavljuju u psihoterapijskom radu na problemima narcizma, kako se mo\u017ee stvoriti korektivno emocionalno iskustvo, kako prepoznati i razumeti posebne narcisti\u010dke osetljivosti, povrede i strahove, koje su faze u radu, narcisti\u010dki ponos i samoprezir\u2026 neke su od tema koje \u0107emo obra\u0111ivati uz primere iz prakse.<\/p>\n\n\n\n<p>Do\u0111ite da mi se divite kako sva\u0161ta ne\u0161to znam o narcizmu i kako lepo pri\u010dam\u2026 a ja \u0107u da se divim va\u0161em istan\u010danom ukusu da izaberete koga i \u0161ta \u0107ete slu\u0161ati.<\/p>\n\n\n\n<p><em>Neboj\u0161a Jovanovi\u0107, autor i predava\u010d<\/em><\/p>\n\n\n\n<hr class=\"wp-block-separator has-alpha-channel-opacity\"\/>\n\n\n\n<p>Webinar je namenjen psihoterapeutima, psiholo\u0161kim savetnicima i kou\u010devima psihodinamske orijentacije,<br>kao i edukantima ovih profesija i onima koje zanima tema i \u017eele vi\u0161e da saznaju.<br><strong><br>Informacije o webinaru<\/strong><em><\/em><\/p>\n\n\n\n<p>Datum: 23. februar (sreda)<br>Vreme: 18:00-21:00h<br>Cena webinara: 2000 RSD<\/p>\n\n\n\n<p>Uplate iz inostranstva se vr\u0161e putem PayPal-a i cena webinara je 20\u20ac sa ura\u010dunatom provizijom.<\/p>\n\n\n\n<p>Za dodatne informacije mo\u017eete nam se obratiti putem mejla&nbsp;<a href=\"mailto:oliedukativnicentar@gmail.com\">oliedukativnicentar@gmail.com<\/a><\/p>\n\n\n\n<p><strong>Dobro do\u0161li!<\/strong><\/p>","protected":false},"featured_media":717,"template":"","categories":[23],"class_list":["post-688","aktuelni_dogadjaji","type-aktuelni_dogadjaji","status-publish","has-post-thumbnail","hentry","category-arhiva"],"acf":[],"_links":{"self":[{"href":"https:\/\/olicentar.rs\/sr\/wp-json\/wp\/v2\/aktuelni_dogadjaji\/688","targetHints":{"allow":["GET"]}}],"collection":[{"href":"https:\/\/olicentar.rs\/sr\/wp-json\/wp\/v2\/aktuelni_dogadjaji"}],"about":[{"href":"https:\/\/olicentar.rs\/sr\/wp-json\/wp\/v2\/types\/aktuelni_dogadjaji"}],"wp:featuredmedia":[{"embeddable":true,"href":"https:\/\/olicentar.rs\/sr\/wp-json\/wp\/v2\/media\/717"}],"wp:attachment":[{"href":"https:\/\/olicentar.rs\/sr\/wp-json\/wp\/v2\/media?parent=688"}],"wp:term":[{"taxonomy":"category","embeddable":true,"href":"https:\/\/olicentar.rs\/sr\/wp-json\/wp\/v2\/categories?post=688"}],"curies":[{"name":"wp","href":"https:\/\/api.w.org\/{rel}","templated":true}]}}

<p>– Put ka realističnom samopoštovanju i vrednostima</p>



<p>Autor i predavač: Nebojša Jovanović, psihoterapeut, osnivač OLI centar i OLI metoda</p>



<hr class="wp-block-separator has-alpha-channel-opacity"/>



<p>Narcizam nije ružna reč. Svako od nas ima „narcistički sektor ličnosti“ koji je „zadužen“ za održavanje stabilne slike o sebi,&nbsp;samopoštovanje i realistične vrednosti na kojima se ono zasniva.</p>



<p>Kada taj naš narcistički sektor nije razvijen kako treba, kada ne može da održi sliku „vrednog sebe“, on poseže za mehanizmima odbrane, iskrivljuje stvarnost i stvara lažni „imidž“, kako bi sakrio osećaj bezvrednosti.</p>



<p>Osoba postaje ovisnik od potrebe za divljenjem i održavanjem te lažne slike. To zovemo patološkim narcizmom.</p>



<p>Na ovom webinaru govorićemo o strukturi tog narcističkog sektora ličnosti, „grandioznom selfu“ i „idealizovanoj roditeljskoj slici“, okolnostima koje dovode do nezdravog i zdravog razvoja narcizma…</p>



<p>Naglasak će biti na mogućnostima promene nezdravog u zdravi narcizam kroz psihoterapijski proces.</p>



<p>Kakvi se problemi i izazovi pojavljuju u psihoterapijskom radu na problemima narcizma, kako se može stvoriti korektivno emocionalno iskustvo, kako prepoznati i razumeti posebne narcističke osetljivosti, povrede i strahove, koje su faze u radu, narcistički ponos i samoprezir… neke su od tema koje ćemo obrađivati uz primere iz prakse.</p>



<p>Dođite da mi se divite kako svašta nešto znam o narcizmu i kako lepo pričam… a ja ću da se divim vašem istančanom ukusu da izaberete koga i šta ćete slušati.</p>



<p><em>Nebojša Jovanović, autor i predavač</em></p>



<hr class="wp-block-separator has-alpha-channel-opacity"/>



<p>Webinar je namenjen psihoterapeutima, psihološkim savetnicima i koučevima psihodinamske orijentacije,<br>kao i edukantima ovih profesija i onima koje zanima tema i žele više da saznaju.<br><strong><br>Informacije o webinaru</strong><em></em></p>



<p>Datum: 23. februar (sreda)<br>Vreme: 18:00-21:00h<br>Cena webinara: 2000 RSD</p>



<p>Uplate iz inostranstva se vrše putem PayPal-a i cena webinara je 20€ sa uračunatom provizijom.</p>



<p>Za dodatne informacije možete nam se obratiti putem mejla&nbsp;<a href="mailto:oliedukativnicentar@gmail.com">oliedukativnicentar@gmail.com</a></p>



<p><strong>Dobro došli!</strong></p>
