{"id":530,"date":"2022-09-22T12:34:58","date_gmt":"2022-09-22T12:34:58","guid":{"rendered":"https:\/\/olicentar.rs\/?post_type=aktuelni_dogadjaji&#038;p=530"},"modified":"2022-10-29T13:50:51","modified_gmt":"2022-10-29T13:50:51","slug":"webinar-upoznaj-svoj-stil-ucenja","status":"publish","type":"aktuelni_dogadjaji","link":"https:\/\/olicentar.rs\/sr\/aktuelni_dogadjaji\/webinar-upoznaj-svoj-stil-ucenja\/","title":{"rendered":"Webinar: Upoznaj svoj stil u\u010denja"},"content":{"rendered":"<p>Iako u\u010denje vezujemo za formalno obrazovanje (\u0161kolu, fakultet), to je proces koji praktikujemo celog \u017eivota, usvajaju\u0107i razli\u010dita znanja, ve\u0161tine, sposobnosti, na\u010dine komunikacije i uspostavljanja odnosa itd. U op\u0161tem smislu, posledica u\u010denja je promena pona\u0161anja kako bismo se bolje adaptirali na okru\u017eenje i pove\u0107ali \u0161anse za pre\u017eivljavanjem.<\/p>\n\n\n\n<p>Da li ste se nekad zapitali: \u201eKako se u\u010di? Mogu li da pobolj\u0161am svoj sistem u\u010denja?\u201c<\/p>\n\n\n\n<p>Ovom temom bavimo se na webinaru&nbsp;<strong><em>Upoznaj svoj stil u\u010denja.<\/em><\/strong><\/p>\n\n\n\n<p>Na\u010din na koji u\u010dimo, odnosno primamo, obra\u0111ujemo i koristimo informacije u toku procesa u\u010denja, razlikuje se kod svakog od nas, \u0161to zna\u010di da postoje razli\u010diti stilovi u\u010denja.<\/p>\n\n\n\n<p><strong>Najve\u0107i broj ljudi ne razmi\u0161lja puno o tome kako u\u010di i da li u u\u010denju uva\u017eava svoje potrebe.<\/strong><\/p>\n\n\n\n<p>Prihvataju\u0107i na\u010dine rada koje nam je neko (roditelj, nastavnik, vaspita\u010d\u2026) \u201enametnuo\u201c jo\u0161 iz perioda detinjstva, neretko smo u \u017eivotu postizali manji uspeh nego \u0161to bismo to realno mogli da smo u\u010dili na na\u010din koji nama odgovara.<\/p>\n\n\n\n<p>Na webinaru \u0107e biti prikazani razli\u010diti aspekti (kognitivni, emocionalni i socijalni) problema vezanih za proces u\u010denja i ukaza\u0107e se na zna\u010daj prepoznavanja vlastitog kognitivnog stila i stila u\u010denja.<\/p>\n\n\n\n<p><strong>Poznavanje vlastitog stila u\u010denja omogu\u0107ava nam da prilagodimo na\u010din na koji pristupamo usvajanju novih znanja i ve\u0161tina li\u010dnim preferencama i tako maksimalno iskoristimo svoje kapacitete i budemo efikasniji u poslu kojim se bavimo.<\/strong><\/p>\n\n\n\n<p>U\u010desnici \u0107e upoznati nekoliko savremenih modela stilova u\u010denja, ali i na\u010dine kako se svakodnevni rad i u\u010denje mo\u017ee prilagoditi pojedina\u010dnim preferencama.<\/p>\n\n\n\n<p>Ima\u0107ete prilike i da popunjavanjem jednog od testova stilova u\u010denja (koji se bazira na Majers-Brigsovom modelu stilova u\u010denja) prepoznate svoj vlasititi stil&nbsp; i da sa predava\u010dem diskutujete o opisu kakrakteristi\u010dnog stila.<\/p>\n\n\n\n<p>Webinar se sastoji iz dva dela koji \u0107e realizovati u dva dana. Prvi deo (1,5 h) obuhvata teorijski i iskustveni pregled tema vezanih za probleme u u\u010denju i stilove u\u010denja, nakon \u010dega \u0107e u\u010desnici imati prilike da popune test stilova u\u010denja. Nakon obrade podataka sa testova u\u010desnici \u0107e dobiti povratnu informaciju o svojim stilovima u\u010denja, a drugog dana (drugi deo webinara, 1,5h) \u0107e se diskutovati o pojedina\u010dnim preferencama u u\u010denju i da\u0107e se neke konkretne smernice i preporuke kako se mogu unaprediti vlastite ve\u0161tine u\u010denja i motivacija za u\u010denje i rad.&nbsp;&nbsp;<\/p>\n\n\n\n<p>U\u010desnici \u0107e nakon poha\u0111anja webinara mo\u0107i da prepoznaju mogu\u0107e probleme u u\u010denju i primene neke od na\u010dina prevazila\u017eenja tih problema; ume\u0107e da prepoznaju svoj stil u\u010denja, nau\u010di\u0107e kako da u\u010denje i bilo koji rad prilagode individualnim preferencama; mo\u0107i \u0107e da primene neke od op\u0161tih preporuka za unapre\u0111ivanje tehnika u\u010denja, ali i pove\u0107anja motivacije za u\u010denje i rad uop\u0161te.<\/p>\n\n\n\n<h2 class=\"wp-block-heading\">Informacije<strong>&nbsp;o webinaru<\/strong><\/h2>\n\n\n\n<p>Termini webinara:<\/p>\n\n\n\n<ul class=\"wp-block-list\"><li><strong>22. septembar (\u010detvrtak)<\/strong>&nbsp;\u2013<br>18:30-20:00h<\/li><li><strong>23. septembar (petak)<\/strong>&nbsp;\u2013<br>18:30-20:00h<\/li><\/ul>\n\n\n\n<p>Cena webinara: 2000 RSD<\/p>\n\n\n\n<p>Uplate iz inostranstva se vr\u0161e putem PayPal-a i cena webinara je 20\u20ac sa ura\u010dunatom provizijom.<\/p>\n\n\n\n<p>Webinar se realizuje online, putem&nbsp;<strong>ZOOM platforme.<\/strong><\/p>\n\n\n\n<p>Za dodatne informacije mo\u017eete nam se obratiti putem mejla&nbsp;<a href=\"mailto:oliedukativnicentar@gmail.com\">oliedukativnicentar@gmail.com<\/a><\/p>\n\n\n\n<p><strong>Dobro do\u0161li!<\/strong><\/p>\n\n\n\n<h2 class=\"wp-block-heading\">Biografija predava\u010da<\/h2>\n\n\n\n<p>Du\u0161an Ran\u0111elovi\u0107, doktor psiholo\u0161kih nauka, vanredni profesor na Katedri za psihologiju Filozofskog fakulteta Univerziteta u Pri\u0161tini sa privremenim sedi\u0161tem u Kosovskoj Mitrovici; rukovodilac psiholo\u0161kog savetovali\u0161ta za studente pri SKC Ni\u0161.&nbsp;<\/p>\n\n\n\n<p>Ro\u0111en 11.06.1980. godine u Ni\u0161u. Osnovnu i srednju \u0161kolu zavr\u0161io u Aleksincu, a osnovne studije psihologije (sa prose\u010dnom ocenom 9,36) u Ni\u0161u na Katedri za psihologiju Filozofskog fakulteta Univerziteta u Ni\u0161u. Magistrirao i doktorirao na Odsjeku za psihologiju Filozofskog fakulteta Univerziteta u Banja Luci. Edukacija iz Ge\u0161talt psihoterapije (2011-2014). Terapeutsku aktivnost obavlja pod supervizijom. Poseduje sertifikate za medijatora izme\u0111u \u017ertve i po\u010dinioca; vr\u0161nja\u010dkog medijatora; trenera za nenasilnu komunikaciju i dr. Radio kao anketar i kontrolor za istra\u017eiva\u010dku agenciju Strated\u017eik marketing (2005-2007); Rukovodilac je Psiholo\u0161kog savetovali\u0161ta za studente pri SKC Ni\u0161 od 2014.godine do danas.&nbsp; Od 2007. godine u radnom je odnosu na Filozofskom fakultetu u Pri\u0161tini sa privremenim sedi\u0161tem u Kosovskoj Mitrovici.<\/p>\n\n\n\n<p>Predmeti na kojima je (bio) anga\u017eovan: Metodologija psiholo\u0161kih istra\u017eivanja, Uvod u pedago\u0161ku psihologiju, Pedago\u0161ka psihologija, Psihologija nastave, Praktikum-pedago\u0161ka psihologija, Individualizacija nastave i stilovi u\u010denja, Metodika nastave psihologije i rada \u0161kolskog psihologa.<\/p>\n\n\n\n<p>Do sada je objavio dve monografije nacionalnog zna\u010daja, kao veliki broj autorskih&nbsp; i&nbsp; koautorskih&nbsp; nau\u010dnih&nbsp; radova&nbsp; (40&nbsp; objavljenih&nbsp; originalnih&nbsp; nau\u010dnih&nbsp; radova&nbsp; \u0161tampanih&nbsp; u&nbsp; celini)&nbsp; u&nbsp; doma\u0107im&nbsp; i&nbsp; stranim&nbsp; \u010dasopisima,&nbsp; tematskim&nbsp; zbornicima&nbsp; radova&nbsp; i&nbsp; zbornicima&nbsp; radova&nbsp; sa&nbsp; me\u0111unarodnih&nbsp; i&nbsp; doma\u0107ih&nbsp; nau\u010dnih&nbsp; skupova; Priru\u010dnik za test profesionalnih opredeljenja, kao i praktikum:&nbsp; Stilovi u\u010denja u\u010denika \u2013 pretpostavka uspe\u0161ne individualizacije nastave.<\/p>\n\n\n\n<p>Autor je dva akreditovana seminara (od strane ZUOVa) stalnog stru\u010dnog usavr\u0161avanja nastavnika: 1)&nbsp;<em>Individualizacija nastave uz uva\u017eavanje razlike u stilovima u\u010denja u\u010denika<\/em>; (k.br. 446) 2)&nbsp;<em>Tehnike pam\u0107enja<\/em>&nbsp; (k.br. 583).<\/p>\n\n\n\n<div class=\"wp-block-buttons is-layout-flex wp-block-buttons-is-layout-flex\">\n<div class=\"wp-block-button is-style-fill\"><a class=\"wp-block-button__link has-background\" href=\"https:\/\/docs.google.com\/forms\/d\/e\/1FAIpQLScmdPMBiyjP5xK6rTBsqP0wUp58nh5VRMVTmYW9heIF84Iv7g\/viewform\" style=\"background-color:#12668b\" target=\"_blank\" rel=\"noreferrer noopener\">Prijavljujem se na webinar<\/a><\/div>\n<\/div>","protected":false},"featured_media":531,"template":"","categories":[23],"class_list":["post-530","aktuelni_dogadjaji","type-aktuelni_dogadjaji","status-publish","has-post-thumbnail","hentry","category-arhiva"],"acf":[],"_links":{"self":[{"href":"https:\/\/olicentar.rs\/sr\/wp-json\/wp\/v2\/aktuelni_dogadjaji\/530","targetHints":{"allow":["GET"]}}],"collection":[{"href":"https:\/\/olicentar.rs\/sr\/wp-json\/wp\/v2\/aktuelni_dogadjaji"}],"about":[{"href":"https:\/\/olicentar.rs\/sr\/wp-json\/wp\/v2\/types\/aktuelni_dogadjaji"}],"wp:featuredmedia":[{"embeddable":true,"href":"https:\/\/olicentar.rs\/sr\/wp-json\/wp\/v2\/media\/531"}],"wp:attachment":[{"href":"https:\/\/olicentar.rs\/sr\/wp-json\/wp\/v2\/media?parent=530"}],"wp:term":[{"taxonomy":"category","embeddable":true,"href":"https:\/\/olicentar.rs\/sr\/wp-json\/wp\/v2\/categories?post=530"}],"curies":[{"name":"wp","href":"https:\/\/api.w.org\/{rel}","templated":true}]}}

Webinar: Upoznaj svoj stil učenja

<p>Iako učenje vezujemo za formalno obrazovanje (školu, fakultet), to je proces koji praktikujemo celog života, usvajajući različita znanja, veštine, sposobnosti, načine komunikacije i uspostavljanja odnosa itd. U opštem smislu, posledica učenja je promena ponašanja kako bismo se bolje adaptirali na okruženje i povećali šanse za preživljavanjem.</p>



<p>Da li ste se nekad zapitali: „Kako se uči? Mogu li da poboljšam svoj sistem učenja?“</p>



<p>Ovom temom bavimo se na webinaru&nbsp;<strong><em>Upoznaj svoj stil učenja.</em></strong></p>



<p>Način na koji učimo, odnosno primamo, obrađujemo i koristimo informacije u toku procesa učenja, razlikuje se kod svakog od nas, što znači da postoje različiti stilovi učenja.</p>



<p><strong>Najveći broj ljudi ne razmišlja puno o tome kako uči i da li u učenju uvažava svoje potrebe.</strong></p>



<p>Prihvatajući načine rada koje nam je neko (roditelj, nastavnik, vaspitač…) „nametnuo“ još iz perioda detinjstva, neretko smo u životu postizali manji uspeh nego što bismo to realno mogli da smo učili na način koji nama odgovara.</p>



<p>Na webinaru će biti prikazani različiti aspekti (kognitivni, emocionalni i socijalni) problema vezanih za proces učenja i ukazaće se na značaj prepoznavanja vlastitog kognitivnog stila i stila učenja.</p>



<p><strong>Poznavanje vlastitog stila učenja omogućava nam da prilagodimo način na koji pristupamo usvajanju novih znanja i veština ličnim preferencama i tako maksimalno iskoristimo svoje kapacitete i budemo efikasniji u poslu kojim se bavimo.</strong></p>



<p>Učesnici će upoznati nekoliko savremenih modela stilova učenja, ali i načine kako se svakodnevni rad i učenje može prilagoditi pojedinačnim preferencama.</p>



<p>Imaćete prilike i da popunjavanjem jednog od testova stilova učenja (koji se bazira na Majers-Brigsovom modelu stilova učenja) prepoznate svoj vlasititi stil&nbsp; i da sa predavačem diskutujete o opisu kakrakterističnog stila.</p>



<p>Webinar se sastoji iz dva dela koji će realizovati u dva dana. Prvi deo (1,5 h) obuhvata teorijski i iskustveni pregled tema vezanih za probleme u učenju i stilove učenja, nakon čega će učesnici imati prilike da popune test stilova učenja. Nakon obrade podataka sa testova učesnici će dobiti povratnu informaciju o svojim stilovima učenja, a drugog dana (drugi deo webinara, 1,5h) će se diskutovati o pojedinačnim preferencama u učenju i daće se neke konkretne smernice i preporuke kako se mogu unaprediti vlastite veštine učenja i motivacija za učenje i rad.&nbsp;&nbsp;</p>



<p>Učesnici će nakon pohađanja webinara moći da prepoznaju moguće probleme u učenju i primene neke od načina prevazilaženja tih problema; umeće da prepoznaju svoj stil učenja, naučiće kako da učenje i bilo koji rad prilagode individualnim preferencama; moći će da primene neke od opštih preporuka za unapređivanje tehnika učenja, ali i povećanja motivacije za učenje i rad uopšte.</p>



<h2 class="wp-block-heading">Informacije<strong>&nbsp;o webinaru</strong></h2>



<p>Termini webinara:</p>



<ul class="wp-block-list"><li><strong>22. septembar (četvrtak)</strong>&nbsp;–<br>18:30-20:00h</li><li><strong>23. septembar (petak)</strong>&nbsp;–<br>18:30-20:00h</li></ul>



<p>Cena webinara: 2000 RSD</p>



<p>Uplate iz inostranstva se vrše putem PayPal-a i cena webinara je 20€ sa uračunatom provizijom.</p>



<p>Webinar se realizuje online, putem&nbsp;<strong>ZOOM platforme.</strong></p>



<p>Za dodatne informacije možete nam se obratiti putem mejla&nbsp;<a href="mailto:oliedukativnicentar@gmail.com">oliedukativnicentar@gmail.com</a></p>



<p><strong>Dobro došli!</strong></p>



<h2 class="wp-block-heading">Biografija predavača</h2>



<p>Dušan Ranđelović, doktor psiholoških nauka, vanredni profesor na Katedri za psihologiju Filozofskog fakulteta Univerziteta u Prištini sa privremenim sedištem u Kosovskoj Mitrovici; rukovodilac psihološkog savetovališta za studente pri SKC Niš.&nbsp;</p>



<p>Rođen 11.06.1980. godine u Nišu. Osnovnu i srednju školu završio u Aleksincu, a osnovne studije psihologije (sa prosečnom ocenom 9,36) u Nišu na Katedri za psihologiju Filozofskog fakulteta Univerziteta u Nišu. Magistrirao i doktorirao na Odsjeku za psihologiju Filozofskog fakulteta Univerziteta u Banja Luci. Edukacija iz Geštalt psihoterapije (2011-2014). Terapeutsku aktivnost obavlja pod supervizijom. Poseduje sertifikate za medijatora između žrtve i počinioca; vršnjačkog medijatora; trenera za nenasilnu komunikaciju i dr. Radio kao anketar i kontrolor za istraživačku agenciju Stratedžik marketing (2005-2007); Rukovodilac je Psihološkog savetovališta za studente pri SKC Niš od 2014.godine do danas.&nbsp; Od 2007. godine u radnom je odnosu na Filozofskom fakultetu u Prištini sa privremenim sedištem u Kosovskoj Mitrovici.</p>



<p>Predmeti na kojima je (bio) angažovan: Metodologija psiholoških istraživanja, Uvod u pedagošku psihologiju, Pedagoška psihologija, Psihologija nastave, Praktikum-pedagoška psihologija, Individualizacija nastave i stilovi učenja, Metodika nastave psihologije i rada školskog psihologa.</p>



<p>Do sada je objavio dve monografije nacionalnog značaja, kao veliki broj autorskih&nbsp; i&nbsp; koautorskih&nbsp; naučnih&nbsp; radova&nbsp; (40&nbsp; objavljenih&nbsp; originalnih&nbsp; naučnih&nbsp; radova&nbsp; štampanih&nbsp; u&nbsp; celini)&nbsp; u&nbsp; domaćim&nbsp; i&nbsp; stranim&nbsp; časopisima,&nbsp; tematskim&nbsp; zbornicima&nbsp; radova&nbsp; i&nbsp; zbornicima&nbsp; radova&nbsp; sa&nbsp; međunarodnih&nbsp; i&nbsp; domaćih&nbsp; naučnih&nbsp; skupova; Priručnik za test profesionalnih opredeljenja, kao i praktikum:&nbsp; Stilovi učenja učenika – pretpostavka uspešne individualizacije nastave.</p>



<p>Autor je dva akreditovana seminara (od strane ZUOVa) stalnog stručnog usavršavanja nastavnika: 1)&nbsp;<em>Individualizacija nastave uz uvažavanje razlike u stilovima učenja učenika</em>; (k.br. 446) 2)&nbsp;<em>Tehnike pamćenja</em>&nbsp; (k.br. 583).</p>



<div class="wp-block-buttons is-layout-flex wp-block-buttons-is-layout-flex">
<div class="wp-block-button is-style-fill"><a class="wp-block-button__link has-background" href="https://docs.google.com/forms/d/e/1FAIpQLScmdPMBiyjP5xK6rTBsqP0wUp58nh5VRMVTmYW9heIF84Iv7g/viewform" style="background-color:#12668b" target="_blank" rel="noreferrer noopener">Prijavljujem se na webinar</a></div>
</div>
