{"id":450,"date":"2022-10-16T12:42:25","date_gmt":"2022-10-16T12:42:25","guid":{"rendered":"https:\/\/olicentar.rs\/?post_type=oli_tim&#038;p=450"},"modified":"2022-12-02T14:53:49","modified_gmt":"2022-12-02T14:53:49","slug":"tamara-stojanovic-dordevic","status":"publish","type":"oli_tim","link":"https:\/\/olicentar.rs\/en\/oli_tim\/tamara-stojanovic-dordevic\/","title":{"rendered":"Tamara Stojanovi\u0107 \u0110or\u0111evi\u0107"},"content":{"rendered":"\n<p>Doktor pedago\u0161kih nauka, univerzitetski profesor, akreditovani psiholo\u0161ki savetnik i akreditovani psihoterapeut O.L.I. integrativnog psihodinamskog pravca.&nbsp;<\/p>\n\n\n\n<p>Zaposlena je na Filolo\u0161ko-umetni\u010dkom fakultetu Univerziteta u Kragujevcu u zvanju vanrednog profesora za u\u017ei nau\u010dnu oblast Pedagogija. Autorka je monografija i vi\u0161e desetina nau\u010dnih i stru\u010dnih radova iz oblasti vaspitanja i obrazovanja, kao i pedago\u0161kih i psiholo\u0161kih tekstova za razli\u010dite \u010dasopise i novine.<\/p>\n\n\n\n<p>Realizatorka je seminara za stru\u010dno usavr\u0161avanje nastavnika, Obrazovnog centra fudbalskog saveza Srbije (Edukacija za sticanje UEFA B licence). U okviru O.L.I. centra dr\u017ei webinare o deficitu pa\u017enje i hiperaktivnosti kod dece, kao i webinare posve\u0107ene roditeljima, vaspita\u010dima, nastavnicima i stru\u010dnim saradnicima.<\/p>\n\n\n\n<p>\u017divi i radi u Kragujevcu, gde dr\u017ei individualnu, partnersku i grupnu terapiju i organizuje radionice. Tako\u0111e, radi i online.<\/p>\n\n\n\n<p><em>Kontakt:<\/em><\/p>\n\n\n\n<p><em>tel. <\/em>+381 60 319 03 11&nbsp;&nbsp;&nbsp;<\/p>\n\n\n\n<p><em>e-mail:<\/em> <a href=\"mailto:psihoterapija.tamarastojanovic@gmail.com\">psihoterapija.tamarastojanovic@gmail.com<\/a>\u00a0<\/p>\n\n\n\n<p><em>web<\/em>: <a href=\"https:\/\/psihoterapijatamarastojanovic.rs\/\">https:\/\/psihoterapijatamarastojanovic.rs\/<\/a><\/p>\n","protected":false},"featured_media":451,"template":"","categories":[8],"tags":[36],"class_list":["post-450","oli_tim","type-oli_tim","status-publish","has-post-thumbnail","hentry","category-ostali-saradnici","tag-strucni-saradnik"],"acf":[],"_links":{"self":[{"href":"https:\/\/olicentar.rs\/en\/wp-json\/wp\/v2\/oli_tim\/450","targetHints":{"allow":["GET"]}}],"collection":[{"href":"https:\/\/olicentar.rs\/en\/wp-json\/wp\/v2\/oli_tim"}],"about":[{"href":"https:\/\/olicentar.rs\/en\/wp-json\/wp\/v2\/types\/oli_tim"}],"wp:featuredmedia":[{"embeddable":true,"href":"https:\/\/olicentar.rs\/en\/wp-json\/wp\/v2\/media\/451"}],"wp:attachment":[{"href":"https:\/\/olicentar.rs\/en\/wp-json\/wp\/v2\/media?parent=450"}],"wp:term":[{"taxonomy":"category","embeddable":true,"href":"https:\/\/olicentar.rs\/en\/wp-json\/wp\/v2\/categories?post=450"},{"taxonomy":"post_tag","embeddable":true,"href":"https:\/\/olicentar.rs\/en\/wp-json\/wp\/v2\/tags?post=450"}],"curies":[{"name":"wp","href":"https:\/\/api.w.org\/{rel}","templated":true}]}}

Tamara Stojanović Đorđević

<p>Doktor pedagoških nauka, univerzitetski profesor, akreditovani psihološki savetnik i akreditovani psihoterapeut O.L.I. integrativnog psihodinamskog pravca.&nbsp;</p>



<p>Zaposlena je na Filološko-umetničkom fakultetu Univerziteta u Kragujevcu u zvanju vanrednog profesora za uži naučnu oblast Pedagogija. Autorka je monografija i više desetina naučnih i stručnih radova iz oblasti vaspitanja i obrazovanja, kao i pedagoških i psiholoških tekstova za različite časopise i novine.</p>



<p>Realizatorka je seminara za stručno usavršavanje nastavnika, Obrazovnog centra fudbalskog saveza Srbije (Edukacija za sticanje UEFA B licence). U okviru O.L.I. centra drži webinare o deficitu pažnje i hiperaktivnosti kod dece, kao i webinare posvećene roditeljima, vaspitačima, nastavnicima i stručnim saradnicima.</p>



<p>Živi i radi u Kragujevcu, gde drži individualnu, partnersku i grupnu terapiju i organizuje radionice. Takođe, radi i online.</p>



<p><em>Kontakt:</em></p>



<p><em>tel. </em>+381 60 319 03 11&nbsp;&nbsp;&nbsp;</p>



<p><em>e-mail:</em> <a href="mailto:psihoterapija.tamarastojanovic@gmail.com">psihoterapija.tamarastojanovic@gmail.com</a> </p>



<p><em>web</em>: <a href="https://psihoterapijatamarastojanovic.rs/">https://psihoterapijatamarastojanovic.rs/</a></p>
