{"id":1505,"date":"2024-06-27T09:07:23","date_gmt":"2024-06-27T07:07:23","guid":{"rendered":"https:\/\/olicentar.rs\/?post_type=oli_tim&#038;p=1505"},"modified":"2025-04-05T12:21:24","modified_gmt":"2025-04-05T10:21:24","slug":"milos-jelicic","status":"publish","type":"oli_tim","link":"https:\/\/olicentar.rs\/en\/oli_tim\/milos-jelicic\/","title":{"rendered":"Milo\u0161 Jeli\u010di\u0107"},"content":{"rendered":"\n<p>In\u017eenjer informatike i menad\u017ementa, sertifikovani kou\u010d O.L.I. psihodinamskog integrativnog metoda i kou\u010ding edukator.<\/p>\n\n\n\n<p>Zavr\u0161io je Fakultet informacionih tehnologija i menad\u017ementa.<\/p>\n\n\n\n<p>Akreditovani je kou\u010d od strane Udru\u017eenja za psihoterapiju, savetovanje i kou\u010ding Srbije (UPSKS) i Evropskog saveta za mentorstvo i kou\u010ding (EMCC Global).<\/p>\n\n\n\n<p>Generalni je sekretar Evropskog saveta za kou\u010ding i mentorstvo Srbije (EMCC Serbia), \u010dlan Udru\u017eenja za psihoterapiju, savetovanje i kou\u010ding Srbije (UPSKS), osniva\u010d Udru\u017eenja za razvoj i digitalizaciju lanca snabdevanja (URDLS) i osniva\u010d Udru\u017eenja za razvoj i unapre\u0111enje \u010celareva \u201eDun\u0111erski\u201c.&nbsp;<\/p>\n\n\n\n<p>Vlasnik je i CEIO nekoliko kompanija u Srbiji i poseduje vi\u0161egodi\u0161nje iskustvo u doma\u0107im i multinacionalnim kompanijama u oblasti IT, supply chaina i menad\u017ementa.<\/p>\n\n\n\n<p>Specijalisti\u0107ka oblast mu je kreiranje i implementacija strategije uspeha individua, timova i organizacija u celosti kao i restruktuiranje organizacija, supply chain, ERP sistemi, poslovni procesi\u2026&nbsp;<\/p>\n\n\n\n<p>Aktivno se bavi individualnim psihodinamskim kou\u010dingom i edukacijama u okviru O.L.I. centra.<\/p>\n\n\n\n<p>\u017divi i radi u Novom Sadu.<\/p>\n\n\n\n<p><em>Kontakt:<\/em><\/p>\n\n\n\n<p><em>tel:<\/em> +381 63 55 27 25<\/p>\n\n\n\n<p><em>e-mail:<\/em> <a href=\"mailto:jelicic.milos@gmail.com\">jelicic.milos@gmail.com<\/a>&nbsp;&nbsp;&nbsp;&nbsp;&nbsp;<\/p>\n\n\n\n<p><em>Ln: <\/em><a href=\"https:\/\/www.linkedin.com\/in\/milos-jelicic-07413818\/\">https:\/\/www.linkedin.com\/in\/milos-jelicic-07413818\/<\/a>&nbsp;<\/p>\n\n\n\n<p><em>FB<\/em>: <a href=\"https:\/\/www.facebook.com\/milos.jelicic.71\">https:\/\/www.facebook.com\/milos.jelicic.71<\/a><\/p>\n","protected":false},"featured_media":1490,"template":"","categories":[68,64,66,65],"tags":[],"class_list":["post-1505","oli_tim","type-oli_tim","status-publish","has-post-thumbnail","hentry","category-prikaz","category-psihodinam-edukatori","category-psihodinam-koucevi","category-psihodinam-supervizori"],"acf":[],"_links":{"self":[{"href":"https:\/\/olicentar.rs\/en\/wp-json\/wp\/v2\/oli_tim\/1505","targetHints":{"allow":["GET"]}}],"collection":[{"href":"https:\/\/olicentar.rs\/en\/wp-json\/wp\/v2\/oli_tim"}],"about":[{"href":"https:\/\/olicentar.rs\/en\/wp-json\/wp\/v2\/types\/oli_tim"}],"wp:featuredmedia":[{"embeddable":true,"href":"https:\/\/olicentar.rs\/en\/wp-json\/wp\/v2\/media\/1490"}],"wp:attachment":[{"href":"https:\/\/olicentar.rs\/en\/wp-json\/wp\/v2\/media?parent=1505"}],"wp:term":[{"taxonomy":"category","embeddable":true,"href":"https:\/\/olicentar.rs\/en\/wp-json\/wp\/v2\/categories?post=1505"},{"taxonomy":"post_tag","embeddable":true,"href":"https:\/\/olicentar.rs\/en\/wp-json\/wp\/v2\/tags?post=1505"}],"curies":[{"name":"wp","href":"https:\/\/api.w.org\/{rel}","templated":true}]}}

Miloš Jeličić

<p>Inženjer informatike i menadžmenta, sertifikovani kouč O.L.I. psihodinamskog integrativnog metoda i koučing edukator.</p>



<p>Završio je Fakultet informacionih tehnologija i menadžmenta.</p>



<p>Akreditovani je kouč od strane Udruženja za psihoterapiju, savetovanje i koučing Srbije (UPSKS) i Evropskog saveta za mentorstvo i koučing (EMCC Global).</p>



<p>Generalni je sekretar Evropskog saveta za koučing i mentorstvo Srbije (EMCC Serbia), član Udruženja za psihoterapiju, savetovanje i koučing Srbije (UPSKS), osnivač Udruženja za razvoj i digitalizaciju lanca snabdevanja (URDLS) i osnivač Udruženja za razvoj i unapređenje Čelareva „Dunđerski“.&nbsp;</p>



<p>Vlasnik je i CEIO nekoliko kompanija u Srbiji i poseduje višegodišnje iskustvo u domaćim i multinacionalnim kompanijama u oblasti IT, supply chaina i menadžmenta.</p>



<p>Specijalistićka oblast mu je kreiranje i implementacija strategije uspeha individua, timova i organizacija u celosti kao i restruktuiranje organizacija, supply chain, ERP sistemi, poslovni procesi…&nbsp;</p>



<p>Aktivno se bavi individualnim psihodinamskim koučingom i edukacijama u okviru O.L.I. centra.</p>



<p>Živi i radi u Novom Sadu.</p>



<p><em>Kontakt:</em></p>



<p><em>tel:</em> +381 63 55 27 25</p>



<p><em>e-mail:</em> <a href="mailto:jelicic.milos@gmail.com">jelicic.milos@gmail.com</a>&nbsp;&nbsp;&nbsp;&nbsp;&nbsp;</p>



<p><em>Ln: </em><a href="https://www.linkedin.com/in/milos-jelicic-07413818/">https://www.linkedin.com/in/milos-jelicic-07413818/</a>&nbsp;</p>



<p><em>FB</em>: <a href="https://www.facebook.com/milos.jelicic.71">https://www.facebook.com/milos.jelicic.71</a></p>
