{"id":863,"date":"2022-10-30T12:37:11","date_gmt":"2022-10-30T12:37:11","guid":{"rendered":"https:\/\/olicentar.rs\/?post_type=oli_tim-edukator&#038;p=863"},"modified":"2025-04-05T12:02:36","modified_gmt":"2025-04-05T10:02:36","slug":"marina-brasic","status":"publish","type":"oli_tim-edukator","link":"https:\/\/olicentar.rs\/en\/oli_tim-edukator\/marina-brasic\/","title":{"rendered":"Marina Bra\u0161i\u0107"},"content":{"rendered":"\n<p>Specijalni pedagog i psihoterapeut O.L.I. Integrativnog psihodinamskog pravca.<\/p>\n\n\n\n<p>Diplomirala je na Fakultetu za specijalnu edukaciju i rehabilitaciju Univerziteta u Beogradu, na smeru za&nbsp; prevenciju i resocijalizaciju lica sa poreme\u0107ajem u pona\u0161anju. Nakon fakulteta stru\u010dno usavr\u0161avanje usmerila ka savetodavnom i psihoterapijskom radu, najpre dece i mladih, a kasnije i odraslih.&nbsp;<\/p>\n\n\n\n<p>Autorka je i voditeljka brojnih edukativnih radionica, webinara i iskustvenih grupa iz oblasti psiholo\u0161kog rasta i razvoja li\u010dnosti, kao i ciklusa psiholo\u0161kih radionica za odrasle \u201eKako pre\u017eiveti tinejd\u017eera\u201c, ciklusa iskustvenih radionica \u201eOd zabrinutosti do anksioznosti\u201c, ali i akreditovanog programa namenjenog profesionalcima \u201eTelo kao resurs u izgradnji emocionalnih kompetencija\u201c.<\/p>\n\n\n\n<p>Samostalni je prakti\u010dar ALFA (\u0386\u03bb\u03c6\u03b1 \u2013 analiza li\u010dnosti, fantazija i asocijacija) i KEG (Keys to Emotional Growth) kartica - projektivnih psihoterapijskih tehnika. Tako\u0111e, stekla je sertifikate za samostalni rad sa osobama koje imaju specifi\u010dne probleme kao \u0161to je sertifikat za rad sa telesnim senzacijama i telom u psihoterapiji, i pro\u0161la je niz edukacija: Trening rada poreme\u0107aja pa\u017enje i hiperaktivnosti (me\u0111unarodna obuka TWI for the Children), Seminar i obuka za savetodavni i psihoterapijski rad sa osobama koje su bile \u017ertve trgovine, Savetovanje i terapija u tugovanju (me\u0111unarodna obuka TWI).<\/p>\n\n\n\n<p>Ima preko 16 godina iskustva u radu sa osobama razli\u010ditih uzrasnih struktura sa specifi\u010dim psihosocijalnim i emocionalnim problemima. Dugi niz godina radila je u ustanovama socijalne i zdravstvene za\u0161tite, ali i kao stru\u010dna saradnica u NVO sektoru na projektima psihosocijalnog razvoja psiholo\u0161ki i socijalno ugro\u017eenih osoba. Posebno se bavi savetodavnim i psihoterapijskim radom osoba koje su bile u traumi ili su pre\u017eivele neki oblik zlostavljanja i emotivnog zanemarivanja.&nbsp;<\/p>\n\n\n\n<p>Individualnom i grupnom psihoterapijom bavi se u okviru svog savetovali\u0161ta u Beogradu, pri \u010demu radi sa odraslim osobama, ali i adolescentima uzrasta od 16 godina.&nbsp;<\/p>\n\n\n\n<p><em>Kontakt:<\/em><\/p>\n\n\n\n<p><em>tel:<\/em> +381 63 877 16 41<\/p>\n\n\n\n<p><em>e-mail:<\/em> <a href=\"mailto:marinabrasic@yahoo.com\">marinabrasic@yahoo.com<\/a>&nbsp;&nbsp;&nbsp;&nbsp;<\/p>\n\n\n\n<p><em>web:<\/em> <a href=\"https:\/\/marinabrasic.blogspot.com\/\">https:\/\/marinabrasic.blogspot.com\/<\/a>&nbsp;<\/p>\n\n\n\n<p><em>FB<\/em>: <a href=\"https:\/\/www.facebook.com\/savetovaliste.mb\">https:\/\/www.facebook.com\/savetovaliste.mb<\/a><\/p>\n","protected":false},"featured_media":864,"template":"","categories":[21],"tags":[31,33],"class_list":["post-863","oli_tim-edukator","type-oli_tim-edukator","status-publish","has-post-thumbnail","hentry","category-druga-grupa-5-ljudi-homepage","tag-edukator","tag-psihoterapeut"],"acf":[],"_links":{"self":[{"href":"https:\/\/olicentar.rs\/en\/wp-json\/wp\/v2\/oli_tim-edukator\/863","targetHints":{"allow":["GET"]}}],"collection":[{"href":"https:\/\/olicentar.rs\/en\/wp-json\/wp\/v2\/oli_tim-edukator"}],"about":[{"href":"https:\/\/olicentar.rs\/en\/wp-json\/wp\/v2\/types\/oli_tim-edukator"}],"wp:featuredmedia":[{"embeddable":true,"href":"https:\/\/olicentar.rs\/en\/wp-json\/wp\/v2\/media\/864"}],"wp:attachment":[{"href":"https:\/\/olicentar.rs\/en\/wp-json\/wp\/v2\/media?parent=863"}],"wp:term":[{"taxonomy":"category","embeddable":true,"href":"https:\/\/olicentar.rs\/en\/wp-json\/wp\/v2\/categories?post=863"},{"taxonomy":"post_tag","embeddable":true,"href":"https:\/\/olicentar.rs\/en\/wp-json\/wp\/v2\/tags?post=863"}],"curies":[{"name":"wp","href":"https:\/\/api.w.org\/{rel}","templated":true}]}}

Marina Brašić

<p>Specijalni pedagog i psihoterapeut O.L.I. Integrativnog psihodinamskog pravca.</p>



<p>Diplomirala je na Fakultetu za specijalnu edukaciju i rehabilitaciju Univerziteta u Beogradu, na smeru za&nbsp; prevenciju i resocijalizaciju lica sa poremećajem u ponašanju. Nakon fakulteta stručno usavršavanje usmerila ka savetodavnom i psihoterapijskom radu, najpre dece i mladih, a kasnije i odraslih.&nbsp;</p>



<p>Autorka je i voditeljka brojnih edukativnih radionica, webinara i iskustvenih grupa iz oblasti psihološkog rasta i razvoja ličnosti, kao i ciklusa psiholoških radionica za odrasle „Kako preživeti tinejdžera“, ciklusa iskustvenih radionica „Od zabrinutosti do anksioznosti“, ali i akreditovanog programa namenjenog profesionalcima „Telo kao resurs u izgradnji emocionalnih kompetencija“.</p>



<p>Samostalni je praktičar ALFA (Άλφα – analiza ličnosti, fantazija i asocijacija) i KEG (Keys to Emotional Growth) kartica - projektivnih psihoterapijskih tehnika. Takođe, stekla je sertifikate za samostalni rad sa osobama koje imaju specifične probleme kao što je sertifikat za rad sa telesnim senzacijama i telom u psihoterapiji, i prošla je niz edukacija: Trening rada poremećaja pažnje i hiperaktivnosti (međunarodna obuka TWI for the Children), Seminar i obuka za savetodavni i psihoterapijski rad sa osobama koje su bile žrtve trgovine, Savetovanje i terapija u tugovanju (međunarodna obuka TWI).</p>



<p>Ima preko 16 godina iskustva u radu sa osobama različitih uzrasnih struktura sa specifičim psihosocijalnim i emocionalnim problemima. Dugi niz godina radila je u ustanovama socijalne i zdravstvene zaštite, ali i kao stručna saradnica u NVO sektoru na projektima psihosocijalnog razvoja psihološki i socijalno ugroženih osoba. Posebno se bavi savetodavnim i psihoterapijskim radom osoba koje su bile u traumi ili su preživele neki oblik zlostavljanja i emotivnog zanemarivanja.&nbsp;</p>



<p>Individualnom i grupnom psihoterapijom bavi se u okviru svog savetovališta u Beogradu, pri čemu radi sa odraslim osobama, ali i adolescentima uzrasta od 16 godina.&nbsp;</p>



<p><em>Kontakt:</em></p>



<p><em>tel:</em> +381 63 877 16 41</p>



<p><em>e-mail:</em> <a href="mailto:marinabrasic@yahoo.com">marinabrasic@yahoo.com</a>&nbsp;&nbsp;&nbsp;&nbsp;</p>



<p><em>web:</em> <a href="https://marinabrasic.blogspot.com/">https://marinabrasic.blogspot.com/</a>&nbsp;</p>



<p><em>FB</em>: <a href="https://www.facebook.com/savetovaliste.mb">https://www.facebook.com/savetovaliste.mb</a></p>
