{"id":843,"date":"2022-10-30T13:07:30","date_gmt":"2022-10-30T13:07:30","guid":{"rendered":"https:\/\/olicentar.rs\/?post_type=oli_tim-edukator&#038;p=843"},"modified":"2025-04-05T12:02:19","modified_gmt":"2025-04-05T10:02:19","slug":"suncica-jovanovic","status":"publish","type":"oli_tim-edukator","link":"https:\/\/olicentar.rs\/en\/oli_tim-edukator\/suncica-jovanovic\/","title":{"rendered":"Sun\u010dica Jovanovi\u0107"},"content":{"rendered":"\n<p>Master psiholog i psihoterapeut O.L.I. integrativnog psihodinamskog pravca.<\/p>\n\n\n\n<p>Osnovne i master studije psihologije zavr\u0161ila je na Filozofskom fakultetu u Novom Sadu, smer mentalno zdravlje.&nbsp;<\/p>\n\n\n\n<p>Zavr\u0161ila je napredni nivo REBT psihoterapije i osnovni nivo Integrativne i art psihoterapije kao i Londonsku \u0161kolu za odnose sa javno\u0161\u0107u.&nbsp;<\/p>\n\n\n\n<p>Trener je ve\u0161tina komunikacije i razvojnih ve\u0161tina i voditelj serije programa radionica za li\u010dni rast i razvoj.&nbsp;<\/p>\n\n\n\n<p>Poseduje iskustvo u sportskom kou\u010dingu, psiholo\u0161kom vo\u0111enju sportskih timova i mentalnom treningu za sportiste.&nbsp; Nakon radnog iskustva u polju ljudskih resursa, komunikacija i dru\u0161tveno odgovornog poslovanja, od 2015. godine bavi se individualnim psihodinamskim savetovanjem i psihoterapijom. \u010clanica je Evropskog saveta za kou\u010ding i mentorstvo Srbije (EMCC Srbija).<\/p>\n\n\n\n<p><em>Kontakt:<\/em><\/p>\n\n\n\n<p><em>tel. <\/em>+381 60 07 43 371&nbsp;&nbsp;&nbsp;&nbsp;&nbsp;<\/p>\n\n\n\n<p>e-<em>mail:<\/em> <a href=\"mailto:jovanovic.suncica@gmail.com\">jovanovic.suncica@gmail.com<\/a>&nbsp;<\/p>\n\n\n\n<p><em>FB: <\/em><a href=\"https:\/\/www.facebook.com\/mojpsiholog\">https:\/\/www.facebook.com\/mojpsiholog<\/a>&nbsp;<\/p>\n\n\n\n<p><em>Instagram: <\/em><a href=\"https:\/\/www.instagram.com\/moj.psiholog\/?hl=hr\">https:\/\/www.instagram.com\/moj.psiholog\/?hl=hr<\/a>&nbsp;<\/p>\n","protected":false},"featured_media":446,"template":"","categories":[21,10],"tags":[31,33],"class_list":["post-843","oli_tim-edukator","type-oli_tim-edukator","status-publish","has-post-thumbnail","hentry","category-druga-grupa-5-ljudi-homepage","category-savetnici","tag-edukator","tag-psihoterapeut"],"acf":[],"_links":{"self":[{"href":"https:\/\/olicentar.rs\/en\/wp-json\/wp\/v2\/oli_tim-edukator\/843","targetHints":{"allow":["GET"]}}],"collection":[{"href":"https:\/\/olicentar.rs\/en\/wp-json\/wp\/v2\/oli_tim-edukator"}],"about":[{"href":"https:\/\/olicentar.rs\/en\/wp-json\/wp\/v2\/types\/oli_tim-edukator"}],"wp:featuredmedia":[{"embeddable":true,"href":"https:\/\/olicentar.rs\/en\/wp-json\/wp\/v2\/media\/446"}],"wp:attachment":[{"href":"https:\/\/olicentar.rs\/en\/wp-json\/wp\/v2\/media?parent=843"}],"wp:term":[{"taxonomy":"category","embeddable":true,"href":"https:\/\/olicentar.rs\/en\/wp-json\/wp\/v2\/categories?post=843"},{"taxonomy":"post_tag","embeddable":true,"href":"https:\/\/olicentar.rs\/en\/wp-json\/wp\/v2\/tags?post=843"}],"curies":[{"name":"wp","href":"https:\/\/api.w.org\/{rel}","templated":true}]}}

Sunčica Jovanović

<p>Master psiholog i psihoterapeut O.L.I. integrativnog psihodinamskog pravca.</p>



<p>Osnovne i master studije psihologije završila je na Filozofskom fakultetu u Novom Sadu, smer mentalno zdravlje.&nbsp;</p>



<p>Završila je napredni nivo REBT psihoterapije i osnovni nivo Integrativne i art psihoterapije kao i Londonsku školu za odnose sa javnošću.&nbsp;</p>



<p>Trener je veština komunikacije i razvojnih veština i voditelj serije programa radionica za lični rast i razvoj.&nbsp;</p>



<p>Poseduje iskustvo u sportskom koučingu, psihološkom vođenju sportskih timova i mentalnom treningu za sportiste.&nbsp; Nakon radnog iskustva u polju ljudskih resursa, komunikacija i društveno odgovornog poslovanja, od 2015. godine bavi se individualnim psihodinamskim savetovanjem i psihoterapijom. Članica je Evropskog saveta za koučing i mentorstvo Srbije (EMCC Srbija).</p>



<p><em>Kontakt:</em></p>



<p><em>tel. </em>+381 60 07 43 371&nbsp;&nbsp;&nbsp;&nbsp;&nbsp;</p>



<p>e-<em>mail:</em> <a href="mailto:jovanovic.suncica@gmail.com">jovanovic.suncica@gmail.com</a>&nbsp;</p>



<p><em>FB: </em><a href="https://www.facebook.com/mojpsiholog">https://www.facebook.com/mojpsiholog</a>&nbsp;</p>



<p><em>Instagram: </em><a href="https://www.instagram.com/moj.psiholog/?hl=hr">https://www.instagram.com/moj.psiholog/?hl=hr</a>&nbsp;</p>
