{"id":1400,"date":"2022-10-30T12:36:10","date_gmt":"2022-10-30T11:36:10","guid":{"rendered":"https:\/\/olicentar.rs\/?post_type=oli_tim-edukator&#038;p=1400"},"modified":"2025-04-05T12:02:55","modified_gmt":"2025-04-05T10:02:55","slug":"leo-ivanisevic","status":"publish","type":"oli_tim-edukator","link":"https:\/\/olicentar.rs\/en\/oli_tim-edukator\/leo-ivanisevic\/","title":{"rendered":"Leo Ivani\u0161evi\u0107"},"content":{"rendered":"\n<p>Diplomirani psiholog, master menad\u017eer i psihoterapeut O.L.I. integrativnog psihodinamskog pravca.<br>Ima bogato iskustvo u radu na projektima NGO sektora, kao i u radu sa mladima i ugro\u017eenim grupama. <\/p>\n\n\n\n<p>Kao edukator i ekspert bio je anga\u017eovan na projektima koji su se bavili podsticanjem preduzetni\u0161tva (Tech1, Founder Institute), radom sa ugro\u017eenim grupama (Re Generacija, Roma Sijam) i edukacijom komunikacionih i asertivnih ve\u0161tina (edukacija o asertivnoj komunikaciji za Ministarsto Pravde, sprovedena u okviru Poslovne \u0161kole za PR).<br><\/p>\n\n\n\n<p>Aktivno je anga\u017eovan na promociji psihologije i psihoterapije u medijima kroz tekstove i gostovanja.<br><\/p>\n\n\n\n<p>Psihoterapijski, savetodavni i kou\u010ding rad sprovodi sa odraslima i adolescentima starijim od 15 godina.<br><\/p>\n\n\n\n<p>Kontakt:<br>tel.&nbsp;+381 64 25 06 405<br>e-mail:&nbsp;<a href=\"mailto:leo@psihomehanicar.com\">leo@psihomehanicar.com<\/a>&nbsp;<br>web:&nbsp;<a href=\"http:\/\/www.psihomehanicar.com\">www.psihomehanicar.com<\/a><br>FB:&nbsp;<a href=\"https:\/\/www.facebook.com\/Psihomehanicar\">https:\/\/www.facebook.com\/Psihomehanicar<\/a><br>Instagram:&nbsp;<a href=\"https:\/\/www.instagram.com\/leo.psihomehanicar\/\">https:\/\/www.instagram.com\/leo.psihomehanicar\/<\/a><\/p>\n","protected":false},"featured_media":1402,"template":"","categories":[21,27,5,7],"tags":[31,33],"class_list":["post-1400","oli_tim-edukator","type-oli_tim-edukator","status-publish","has-post-thumbnail","hentry","category-druga-grupa-5-ljudi-homepage","category-druga-grupa-5-ljudi-psihoterapija","category-edukatori","category-psihoterapeuti-za-didakticku-psihoterapiju","tag-edukator","tag-psihoterapeut"],"acf":[],"_links":{"self":[{"href":"https:\/\/olicentar.rs\/en\/wp-json\/wp\/v2\/oli_tim-edukator\/1400","targetHints":{"allow":["GET"]}}],"collection":[{"href":"https:\/\/olicentar.rs\/en\/wp-json\/wp\/v2\/oli_tim-edukator"}],"about":[{"href":"https:\/\/olicentar.rs\/en\/wp-json\/wp\/v2\/types\/oli_tim-edukator"}],"wp:featuredmedia":[{"embeddable":true,"href":"https:\/\/olicentar.rs\/en\/wp-json\/wp\/v2\/media\/1402"}],"wp:attachment":[{"href":"https:\/\/olicentar.rs\/en\/wp-json\/wp\/v2\/media?parent=1400"}],"wp:term":[{"taxonomy":"category","embeddable":true,"href":"https:\/\/olicentar.rs\/en\/wp-json\/wp\/v2\/categories?post=1400"},{"taxonomy":"post_tag","embeddable":true,"href":"https:\/\/olicentar.rs\/en\/wp-json\/wp\/v2\/tags?post=1400"}],"curies":[{"name":"wp","href":"https:\/\/api.w.org\/{rel}","templated":true}]}}

Leo Ivanišević

<p>Diplomirani psiholog, master menadžer i psihoterapeut O.L.I. integrativnog psihodinamskog pravca.<br>Ima bogato iskustvo u radu na projektima NGO sektora, kao i u radu sa mladima i ugroženim grupama. </p>



<p>Kao edukator i ekspert bio je angažovan na projektima koji su se bavili podsticanjem preduzetništva (Tech1, Founder Institute), radom sa ugroženim grupama (Re Generacija, Roma Sijam) i edukacijom komunikacionih i asertivnih veština (edukacija o asertivnoj komunikaciji za Ministarsto Pravde, sprovedena u okviru Poslovne škole za PR).<br></p>



<p>Aktivno je angažovan na promociji psihologije i psihoterapije u medijima kroz tekstove i gostovanja.<br></p>



<p>Psihoterapijski, savetodavni i koučing rad sprovodi sa odraslima i adolescentima starijim od 15 godina.<br></p>



<p>Kontakt:<br>tel.&nbsp;+381 64 25 06 405<br>e-mail:&nbsp;<a href="mailto:leo@psihomehanicar.com">leo@psihomehanicar.com</a>&nbsp;<br>web:&nbsp;<a href="http://www.psihomehanicar.com">www.psihomehanicar.com</a><br>FB:&nbsp;<a href="https://www.facebook.com/Psihomehanicar">https://www.facebook.com/Psihomehanicar</a><br>Instagram:&nbsp;<a href="https://www.instagram.com/leo.psihomehanicar/">https://www.instagram.com/leo.psihomehanicar/</a></p>
