{"id":834,"date":"2022-10-30T09:06:29","date_gmt":"2022-10-30T09:06:29","guid":{"rendered":"https:\/\/olicentar.rs\/?post_type=oli-tim_supervizori&#038;p=834"},"modified":"2026-02-26T15:17:31","modified_gmt":"2026-02-26T14:17:31","slug":"jelica-petrovic","status":"publish","type":"oli-tim_supervizori","link":"https:\/\/olicentar.rs\/en\/oli-tim_supervizori\/jelica-petrovic\/","title":{"rendered":"Jelica Petrovi\u0107"},"content":{"rendered":"\n<p>Doktor psiholo\u0161kih nauka, univerzitetski profesor, psihoterapeut O.L.I. integrativnog psihodinamskog pravca i REBT terapeut.&nbsp;<\/p>\n\n\n\n<p>Autor je dve samostalne monografije i vi\u0161e desetina nau\u010dnih i stru\u010dnih \u010dlanaka iz oblasti psihologije razvoja. Stru\u010dni je saradnik u oblasti savetovanja, psihoterapije i poslovnog i life kou\u010dinga.<\/p>\n\n\n\n<p>Bavi se individualnim i grupnim radom. Usmerena je na oblast li\u010dnog razvoja, emotivnih odnosa i sporta.<\/p>\n\n\n\n<p>\u017divi i radi u Novom Sadu.<\/p>\n\n\n\n<p><strong>U OLI centru vodi individualne i grupne supervizije.<\/strong><\/p>\n\n\n\n<p><em>Kontakt:<\/em><\/p>\n\n\n\n<p><em>tel: <\/em>+381 64 146 53 62<\/p>\n\n\n\n<p><em>email: <\/em><a href=\"mailto:jelicans@gmail.com\">jelicans@gmail.com<\/a>&nbsp;<\/p>\n","protected":false},"featured_media":223,"template":"","categories":[],"tags":[31,33,32],"class_list":["post-834","oli-tim_supervizori","type-oli-tim_supervizori","status-publish","has-post-thumbnail","hentry","tag-edukator","tag-psihoterapeut","tag-supervizor"],"acf":[],"_links":{"self":[{"href":"https:\/\/olicentar.rs\/en\/wp-json\/wp\/v2\/oli-tim_supervizori\/834","targetHints":{"allow":["GET"]}}],"collection":[{"href":"https:\/\/olicentar.rs\/en\/wp-json\/wp\/v2\/oli-tim_supervizori"}],"about":[{"href":"https:\/\/olicentar.rs\/en\/wp-json\/wp\/v2\/types\/oli-tim_supervizori"}],"wp:featuredmedia":[{"embeddable":true,"href":"https:\/\/olicentar.rs\/en\/wp-json\/wp\/v2\/media\/223"}],"wp:attachment":[{"href":"https:\/\/olicentar.rs\/en\/wp-json\/wp\/v2\/media?parent=834"}],"wp:term":[{"taxonomy":"category","embeddable":true,"href":"https:\/\/olicentar.rs\/en\/wp-json\/wp\/v2\/categories?post=834"},{"taxonomy":"post_tag","embeddable":true,"href":"https:\/\/olicentar.rs\/en\/wp-json\/wp\/v2\/tags?post=834"}],"curies":[{"name":"wp","href":"https:\/\/api.w.org\/{rel}","templated":true}]}}

Jelica Petrović

<p>Doktor psiholoških nauka, univerzitetski profesor, psihoterapeut O.L.I. integrativnog psihodinamskog pravca i REBT terapeut.&nbsp;</p>



<p>Autor je dve samostalne monografije i više desetina naučnih i stručnih članaka iz oblasti psihologije razvoja. Stručni je saradnik u oblasti savetovanja, psihoterapije i poslovnog i life koučinga.</p>



<p>Bavi se individualnim i grupnim radom. Usmerena je na oblast ličnog razvoja, emotivnih odnosa i sporta.</p>



<p>Živi i radi u Novom Sadu.</p>



<p><strong>U OLI centru vodi individualne i grupne supervizije.</strong></p>



<p><em>Kontakt:</em></p>



<p><em>tel: </em>+381 64 146 53 62</p>



<p><em>email: </em><a href="mailto:jelicans@gmail.com">jelicans@gmail.com</a>&nbsp;</p>
