{"id":482,"date":"2022-10-16T17:04:52","date_gmt":"2022-10-16T17:04:52","guid":{"rendered":"https:\/\/olicentar.rs\/?post_type=koristan_sadr_aj&#038;p=482"},"modified":"2022-10-31T08:57:34","modified_gmt":"2022-10-31T08:57:34","slug":"info-predavanje-oli-metod-za-savetnike-i-psihoterapeute-drugih-pravaca","status":"publish","type":"koristan_sadr_aj","link":"https:\/\/olicentar.rs\/en\/koristan_sadr_aj\/info-predavanje-oli-metod-za-savetnike-i-psihoterapeute-drugih-pravaca\/","title":{"rendered":"Profesionalno usavr\u0161avanje iz OLI psihodinamske, integrativne psihoterapije"},"content":{"rendered":"\n<p>Program profesionalnog usavr\u0161avanja namenjen je akreditovanim psihoterapeutima i psiholo\u0161kim savetnicima koji su zavr\u0161ili edukaciju iz nekog od priznatih psihoterapijskih pravaca i \u017eele da se upoznaju sa teorijom, metodama i tehnikama OLI integrativne, psihodinamske psihoterapije.<\/p>\n","protected":false},"featured_media":0,"template":"","categories":[16],"class_list":["post-482","koristan_sadr_aj","type-koristan_sadr_aj","status-publish","hentry","category-video-sadrzaj"],"acf":[],"_links":{"self":[{"href":"https:\/\/olicentar.rs\/en\/wp-json\/wp\/v2\/koristan_sadr_aj\/482","targetHints":{"allow":["GET"]}}],"collection":[{"href":"https:\/\/olicentar.rs\/en\/wp-json\/wp\/v2\/koristan_sadr_aj"}],"about":[{"href":"https:\/\/olicentar.rs\/en\/wp-json\/wp\/v2\/types\/koristan_sadr_aj"}],"wp:attachment":[{"href":"https:\/\/olicentar.rs\/en\/wp-json\/wp\/v2\/media?parent=482"}],"wp:term":[{"taxonomy":"category","embeddable":true,"href":"https:\/\/olicentar.rs\/en\/wp-json\/wp\/v2\/categories?post=482"}],"curies":[{"name":"wp","href":"https:\/\/api.w.org\/{rel}","templated":true}]}}

Profesionalno usavršavanje iz OLI psihodinamske, integrativne psihoterapije

<p>Program profesionalnog usavršavanja namenjen je akreditovanim psihoterapeutima i psihološkim savetnicima koji su završili edukaciju iz nekog od priznatih psihoterapijskih pravaca i žele da se upoznaju sa teorijom, metodama i tehnikama OLI integrativne, psihodinamske psihoterapije.</p>
