{"id":1981,"date":"2025-11-25T10:16:34","date_gmt":"2025-11-25T09:16:34","guid":{"rendered":"https:\/\/olicentar.rs\/?post_type=koristan_sadr_aj&#038;p=1981"},"modified":"2025-11-25T10:16:35","modified_gmt":"2025-11-25T09:16:35","slug":"promocija-knjige-razvoj-bazicnih-emocionalnih-kompetencija-u-oli-ipp","status":"publish","type":"koristan_sadr_aj","link":"https:\/\/olicentar.rs\/en\/koristan_sadr_aj\/promocija-knjige-razvoj-bazicnih-emocionalnih-kompetencija-u-oli-ipp\/","title":{"rendered":"Promocija knjige \"Razvoj bazi\u010dnih emocionalnih kompetencija u OLI IPP\""},"content":{"rendered":"\n<p><a href=\"https:\/\/www.youtube.com\/@olicentar5470\"><\/a><\/p>\n\n\n\n<p>Snimak online promocije knjige \"Razvoj bazi\u010dnih emocionalnoh kompetencija u OLI integrativnoj psihodinamskoj psihoterapiji\" autora Neboj\u0161e Jovanovi\u0107a. <\/p>\n\n\n\n<p>U\u010destvovali: Neboj\u0161a Jovanovi\u0107, specijalista psihoanaliti\u010dke psihoterapije <\/p>\n\n\n\n<p>dr prim. Ivan Ili\u0107, specijalista psihoanaliti\u010dke psihoterapije <\/p>\n\n\n\n<p>Sun\u010dica Jovanovi\u0107, specijalista psihoanaliti\u010dke psihoterapije<\/p>\n","protected":false},"featured_media":0,"template":"","categories":[16],"class_list":["post-1981","koristan_sadr_aj","type-koristan_sadr_aj","status-publish","hentry","category-video-sadrzaj"],"acf":[],"_links":{"self":[{"href":"https:\/\/olicentar.rs\/en\/wp-json\/wp\/v2\/koristan_sadr_aj\/1981","targetHints":{"allow":["GET"]}}],"collection":[{"href":"https:\/\/olicentar.rs\/en\/wp-json\/wp\/v2\/koristan_sadr_aj"}],"about":[{"href":"https:\/\/olicentar.rs\/en\/wp-json\/wp\/v2\/types\/koristan_sadr_aj"}],"wp:attachment":[{"href":"https:\/\/olicentar.rs\/en\/wp-json\/wp\/v2\/media?parent=1981"}],"wp:term":[{"taxonomy":"category","embeddable":true,"href":"https:\/\/olicentar.rs\/en\/wp-json\/wp\/v2\/categories?post=1981"}],"curies":[{"name":"wp","href":"https:\/\/api.w.org\/{rel}","templated":true}]}}

Promocija knjige "Razvoj bazičnih emocionalnih kompetencija u OLI IPP"

<p><a href="https://www.youtube.com/@olicentar5470"></a></p>



<p>Snimak online promocije knjige "Razvoj bazičnih emocionalnoh kompetencija u OLI integrativnoj psihodinamskoj psihoterapiji" autora Nebojše Jovanovića. </p>



<p>Učestvovali: Nebojša Jovanović, specijalista psihoanalitičke psihoterapije </p>



<p>dr prim. Ivan Ilić, specijalista psihoanalitičke psihoterapije </p>



<p>Sunčica Jovanović, specijalista psihoanalitičke psihoterapije</p>
