{"id":692,"date":"2021-12-26T15:51:19","date_gmt":"2021-12-26T15:51:19","guid":{"rendered":"https:\/\/olicentar.rs\/?post_type=aktuelni_dogadjaji&#038;p=692"},"modified":"2022-10-26T18:43:33","modified_gmt":"2022-10-26T18:43:33","slug":"webinar-bes-kod-dece-i-mladih-kako-se-izboriti-sa-tim","status":"publish","type":"aktuelni_dogadjaji","link":"https:\/\/olicentar.rs\/en\/aktuelni_dogadjaji\/webinar-bes-kod-dece-i-mladih-kako-se-izboriti-sa-tim\/","title":{"rendered":"Webinar: Bes kod dece i mladih \u2013 Kako se izboriti sa tim?"},"content":{"rendered":"\n<p>U dana\u0161njem vremenu suo\u010davamo se sa \u010destom pojavom besa kod dece i mladih. Deca ne razumeju dovoljno vlastite emocije pa samim tim ne mogu da ih izraze na adekvatan na\u010din, niti da izaberu reakciju u odre\u0111enoj situaciji, odnosno da kontroli\u0161u i kanali\u0161u svoje emocije. Stoga deca i mladi sve \u010de\u0161\u0107e ulaze u konfliktne situacije sa roditeljima, vaspita\u010dima, nastavnicima i profesorima.<\/p>\n\n\n\n<p>Ovom temom bavimo se na webinaru \u201eBes kod dece i mladih \u2013 kako se izboriti sa tim?\u201c koji je namenjen roditeljima i svima koji rade sa decom (vaspita\u010di, nastavnici, profesori\u2026).<\/p>\n\n\n\n<p>Cilj webinara je da u\u010desnici razumeju bes kao emociju i komponente ispoljavanja besa, kao i da nau\u010de kako da kod dece razviju sposobnost samokontrole. Da bismo to postigli, neophodno je razumevanje i ispoljavanje emocija kod dece (<em>\u201eOse\u0107am se ljuto\u201c, \u201eOse\u0107am se besno\u201c, \u201eNe mogu da se smirim\u201c\u2026<\/em>). Cilj webinara je da se steknu znanja kako da deca razviju sposobnost za samoregulaciju, kako da nau\u010de da mentalizuju, odnosno opisuju re\u010denicama svoja ose\u0107anja i da reaguju na razborit, promi\u0161ljen na\u010din.<\/p>\n\n\n\n<p>Polaznici webinara \u0107e nakon primene ste\u010denih znanja mo\u0107i da pomognu deci da razumeju \u0161ta su bes i ljutnja, na koji na\u010din da ih pravilno iska\u017eu i kako da preuzmu odgovornost za svoje emocije.<\/p>\n\n\n\n<h4 class=\"wp-block-heading\"><strong>Agenda webinara:<\/strong><\/h4>\n\n\n\n<ul class=\"wp-block-list\"><li>\u0160ta je bes i kako se ispoljava? \u2013 30 min.<\/li><li>Kako roditelji, vaspita\u010di, nastavnici i profesori mogu pomo\u0107i deci? Razumevanje emocija, komuniciranje na zdrav na\u010din\u2026 \u2013 60 min.<\/li><li>Tehnike (Trening samoinstrukcija, trening asertivnosti\u2026) \u2013 60 min.<\/li><li>Diskusija, pitanja i problemske situacije u\u010desnika \u2013 30 min.<\/li><\/ul>\n\n\n\n<h4 class=\"wp-block-heading\"><strong>Informacije i prijave<\/strong>:<\/h4>\n\n\n\n<p><strong>Datum:<\/strong>&nbsp;13. novembar (subota)<\/p>\n\n\n\n<p><strong>Vreme:<\/strong>&nbsp;17:00-20:00h<\/p>\n\n\n\n<p>Cena webinara: 2000\u00a0 RSD<\/p>\n\n\n\n<p>Za dodatne informacije mo\u017eete nam se obratiti putem mejla\u00a0<strong>oliedukativnicentar@gmail.com<\/strong>\u00a0ili nas pozvati na broj\u00a0<strong>+381603405550<\/strong>\u00a0(dostupan i viber).<\/p>\n\n\n\n<h4 class=\"wp-block-heading\"><strong>Biografija predava\u010da<\/strong>:<\/h4>\n\n\n\n<figure class=\"wp-block-image size-large is-resized\"><img loading=\"lazy\" decoding=\"async\" src=\"https:\/\/olicentar.rs\/wp-content\/uploads\/2022\/10\/IMG-b9d8e5cb86f5548078f57eb01805110d-V.jpg-1024x1024.png\" alt=\"\" class=\"wp-image-451\" width=\"289\" height=\"289\" srcset=\"https:\/\/olicentar.rs\/wp-content\/uploads\/2022\/10\/IMG-b9d8e5cb86f5548078f57eb01805110d-V.jpg.png 1024w, https:\/\/olicentar.rs\/wp-content\/uploads\/2022\/10\/IMG-b9d8e5cb86f5548078f57eb01805110d-V.jpg-300x300.png 300w, https:\/\/olicentar.rs\/wp-content\/uploads\/2022\/10\/IMG-b9d8e5cb86f5548078f57eb01805110d-V.jpg-100x100.png 100w, https:\/\/olicentar.rs\/wp-content\/uploads\/2022\/10\/IMG-b9d8e5cb86f5548078f57eb01805110d-V.jpg-600x600.png 600w, https:\/\/olicentar.rs\/wp-content\/uploads\/2022\/10\/IMG-b9d8e5cb86f5548078f57eb01805110d-V.jpg-150x150.png 150w, https:\/\/olicentar.rs\/wp-content\/uploads\/2022\/10\/IMG-b9d8e5cb86f5548078f57eb01805110d-V.jpg-768x768.png 768w\" sizes=\"auto, (max-width: 289px) 100vw, 289px\" \/><\/figure>\n\n\n\n<p><strong>Autor i predava\u010d: dr Tamara Stojanovi\u0107 \u0110or\u0111evi\u0107<\/strong><\/p>\n\n\n\n<p>Tamara Stojanovi\u0107 \u0110or\u0111evi\u0107 (1981), doktor pedago\u0161kih nauka, OLI psiholo\u0161ki savetnik i psihoterapeut. Vanredni profesor na Filolo\u0161ko-umetni\u010dkom fakultetu Univerziteta u Kragujevcu i na Visokoj sportskoj trenerskoj i zdravstvenoj \u0161koli u Beogradu. Autor monografija, nau\u010dnih i stru\u010dnih radova iz oblasti pedago\u0161kih nauka. Dr\u017ei predavanja i seminare o ADHD- u okviru OLI centra kao i predavanja i seminare iz oblasti vaspitanja, obrazovanja i psihoterapije.<\/p>\n\n\n\n<p>Tako\u0111e dr\u017ei edukacije za sportiste u okviru Fudbalskog Saveza Srbije. \u017divi i radi u Kragujevcu, gde se, pored predava\u010dkog poziva, bavi psihoterapijom.<\/p>\n","protected":false},"featured_media":125,"template":"","categories":[23],"class_list":["post-692","aktuelni_dogadjaji","type-aktuelni_dogadjaji","status-publish","has-post-thumbnail","hentry","category-arhiva"],"acf":[],"_links":{"self":[{"href":"https:\/\/olicentar.rs\/en\/wp-json\/wp\/v2\/aktuelni_dogadjaji\/692","targetHints":{"allow":["GET"]}}],"collection":[{"href":"https:\/\/olicentar.rs\/en\/wp-json\/wp\/v2\/aktuelni_dogadjaji"}],"about":[{"href":"https:\/\/olicentar.rs\/en\/wp-json\/wp\/v2\/types\/aktuelni_dogadjaji"}],"wp:featuredmedia":[{"embeddable":true,"href":"https:\/\/olicentar.rs\/en\/wp-json\/wp\/v2\/media\/125"}],"wp:attachment":[{"href":"https:\/\/olicentar.rs\/en\/wp-json\/wp\/v2\/media?parent=692"}],"wp:term":[{"taxonomy":"category","embeddable":true,"href":"https:\/\/olicentar.rs\/en\/wp-json\/wp\/v2\/categories?post=692"}],"curies":[{"name":"wp","href":"https:\/\/api.w.org\/{rel}","templated":true}]}}

<p>U današnjem vremenu suočavamo se sa čestom pojavom besa kod dece i mladih. Deca ne razumeju dovoljno vlastite emocije pa samim tim ne mogu da ih izraze na adekvatan način, niti da izaberu reakciju u određenoj situaciji, odnosno da kontrolišu i kanališu svoje emocije. Stoga deca i mladi sve češće ulaze u konfliktne situacije sa roditeljima, vaspitačima, nastavnicima i profesorima.</p>



<p>Ovom temom bavimo se na webinaru „Bes kod dece i mladih – kako se izboriti sa tim?“ koji je namenjen roditeljima i svima koji rade sa decom (vaspitači, nastavnici, profesori…).</p>



<p>Cilj webinara je da učesnici razumeju bes kao emociju i komponente ispoljavanja besa, kao i da nauče kako da kod dece razviju sposobnost samokontrole. Da bismo to postigli, neophodno je razumevanje i ispoljavanje emocija kod dece (<em>„Osećam se ljuto“, „Osećam se besno“, „Ne mogu da se smirim“…</em>). Cilj webinara je da se steknu znanja kako da deca razviju sposobnost za samoregulaciju, kako da nauče da mentalizuju, odnosno opisuju rečenicama svoja osećanja i da reaguju na razborit, promišljen način.</p>



<p>Polaznici webinara će nakon primene stečenih znanja moći da pomognu deci da razumeju šta su bes i ljutnja, na koji način da ih pravilno iskažu i kako da preuzmu odgovornost za svoje emocije.</p>



<h4 class="wp-block-heading"><strong>Agenda webinara:</strong></h4>



<ul class="wp-block-list"><li>Šta je bes i kako se ispoljava? – 30 min.</li><li>Kako roditelji, vaspitači, nastavnici i profesori mogu pomoći deci? Razumevanje emocija, komuniciranje na zdrav način… – 60 min.</li><li>Tehnike (Trening samoinstrukcija, trening asertivnosti…) – 60 min.</li><li>Diskusija, pitanja i problemske situacije učesnika – 30 min.</li></ul>



<h4 class="wp-block-heading"><strong>Informacije i prijave</strong>:</h4>



<p><strong>Datum:</strong>&nbsp;13. novembar (subota)</p>



<p><strong>Vreme:</strong>&nbsp;17:00-20:00h</p>



<p>Cena webinara: 2000  RSD</p>



<p>Za dodatne informacije možete nam se obratiti putem mejla <strong>oliedukativnicentar@gmail.com</strong> ili nas pozvati na broj <strong>+381603405550</strong> (dostupan i viber).</p>



<h4 class="wp-block-heading"><strong>Biografija predavača</strong>:</h4>



<figure class="wp-block-image size-large is-resized"><img loading="lazy" decoding="async" src="https://olicentar.rs/wp-content/uploads/2022/10/IMG-b9d8e5cb86f5548078f57eb01805110d-V.jpg-1024x1024.png" alt="" class="wp-image-451" width="289" height="289" srcset="https://olicentar.rs/wp-content/uploads/2022/10/IMG-b9d8e5cb86f5548078f57eb01805110d-V.jpg.png 1024w, https://olicentar.rs/wp-content/uploads/2022/10/IMG-b9d8e5cb86f5548078f57eb01805110d-V.jpg-300x300.png 300w, https://olicentar.rs/wp-content/uploads/2022/10/IMG-b9d8e5cb86f5548078f57eb01805110d-V.jpg-100x100.png 100w, https://olicentar.rs/wp-content/uploads/2022/10/IMG-b9d8e5cb86f5548078f57eb01805110d-V.jpg-600x600.png 600w, https://olicentar.rs/wp-content/uploads/2022/10/IMG-b9d8e5cb86f5548078f57eb01805110d-V.jpg-150x150.png 150w, https://olicentar.rs/wp-content/uploads/2022/10/IMG-b9d8e5cb86f5548078f57eb01805110d-V.jpg-768x768.png 768w" sizes="auto, (max-width: 289px) 100vw, 289px" /></figure>



<p><strong>Autor i predavač: dr Tamara Stojanović Đorđević</strong></p>



<p>Tamara Stojanović Đorđević (1981), doktor pedagoških nauka, OLI psihološki savetnik i psihoterapeut. Vanredni profesor na Filološko-umetničkom fakultetu Univerziteta u Kragujevcu i na Visokoj sportskoj trenerskoj i zdravstvenoj školi u Beogradu. Autor monografija, naučnih i stručnih radova iz oblasti pedagoških nauka. Drži predavanja i seminare o ADHD- u okviru OLI centra kao i predavanja i seminare iz oblasti vaspitanja, obrazovanja i psihoterapije.</p>



<p>Takođe drži edukacije za sportiste u okviru Fudbalskog Saveza Srbije. Živi i radi u Kragujevcu, gde se, pored predavačkog poziva, bavi psihoterapijom.</p>
